000
CDUS44 KTSA 261415
CLIFYV

CLIMATE REPORT
NATIONAL WEATHER SERVICE TULSA OK
914 AM CDT THU APR 26 2018


...................................

...THE FAYETTEVILLE ARKANSAS CLIMATE SUMMARY FOR APRIL 26 2018...
VALID AS OF 0900 AM LOCAL TIME.

CLIMATE NORMAL PERIOD 1981 TO 2010
CLIMATE RECORD PERIOD 1905 TO 2018


WEATHER ITEM   OBSERVED RECORD YEAR NORMAL DEPARTURE LAST
                VALUE   VALUE       VALUE  FROM      YEAR
                                           NORMAL
...........................................................
TEMPERATURE (F)
 TODAY
  MAXIMUM         51     88    1987  72
  MINIMUM         49     32    1977  48
  AVERAGE         50

PRECIPITATION (IN)
  TODAY            T      2.93 2017   0.17  -0.17     2.93
  MONTH TO DATE    1.54               3.88  -2.34     7.59
  SINCE MAR 1      6.94               7.83  -0.89    13.54
  SINCE JAN 1     16.56              13.48   3.08    17.04

SNOWFALL (IN)
  TODAY            0.0                                0.0
  MONTH TO DATE    T                                  0.0
  SINCE MAR 1      T                                  0.2
  SINCE JUL 1      0.4                                1.0

DEGREE DAYS
 HEATING
  TODAY           15

 COOLING
  TODAY            0
...........................................................


WIND (MPH)
  RESULTANT WIND SPEED   7   RESULTANT WIND DIRECTION   N (340)
  HIGHEST WIND SPEED    12   HIGHEST WIND DIRECTION     N (350)
  HIGHEST GUST SPEED    14   HIGHEST GUST DIRECTION     W (280)


SKY COVER
  POSSIBLE SUNSHINE  MM
  AVERAGE SKY COVER 0.8


WEATHER CONDITIONS
 THE FOLLOWING WEATHER WAS RECORDED TODAY.
  LIGHT RAIN
  FOG


RELATIVE HUMIDITY (PERCENT)
 HIGHEST   100
 LOWEST     89
 AVERAGE    95

..........................................................


THE FAYETTEVILLE ARKANSAS CLIMATE NORMALS FOR TOMORROW
                         NORMAL    RECORD    YEAR
 MAXIMUM TEMPERATURE (F)   72        88      1987
 MINIMUM TEMPERATURE (F)   48        31      1992


SUNRISE AND SUNSET
APRIL 26 2018.........SUNRISE   630 AM CDT   SUNSET   800 PM CDT
APRIL 27 2018.........SUNRISE   629 AM CDT   SUNSET   801 PM CDT


-  INDICATES NEGATIVE NUMBERS.
R  INDICATES RECORD WAS SET OR TIED.
MM INDICATES DATA IS MISSING.
T  INDICATES TRACE AMOUNT.




$$
