000
CDUS41 KPHI 210552
CLIGED


CLIMATE REPORT
NATIONAL WEATHER SERVICE MOUNT HOLLY NJ
152 AM EDT SAT APR 21 2018


...................................

...THE GEORGETOWN DE CLIMATE SUMMARY FOR APRIL 20 2018...

CLIMATE NORMAL PERIOD 1981 TO 2010
CLIMATE RECORD PERIOD 1948 TO 2018


WEATHER ITEM   OBSERVED TIME   RECORD YEAR NORMAL DEPARTURE LAST
                VALUE   (LST)  VALUE       VALUE  FROM      YEAR
                                                  NORMAL
..................................................................
TEMPERATURE (F)
 YESTERDAY
  MAXIMUM         57    518 PM  89    1985  66     -9       81
  MINIMUM         36    219 AM  29    1974  45     -9       59
  AVERAGE         47                        55     -8       70

PRECIPITATION (IN)
  YESTERDAY        0.00          1.03 2015   0.12  -0.12      T
  MONTH TO DATE    2.59                      2.59   0.00     0.63
  SINCE MAR 1      5.64                      6.64  -1.00     5.00
  SINCE JAN 1     12.46                     12.35   0.11     9.24

DEGREE DAYS
 HEATING
  YESTERDAY       18                        10      8        0
  MONTH TO DATE  283                       259     24      126
  SINCE MAR 1    990                       891     99      742
  SINCE JUL 1   3948                      4171   -223     3427

 COOLING
  YESTERDAY        0                         1     -1        5
  MONTH TO DATE   14                        10      4       26
  SINCE MAR 1     14                        12      2       29
  SINCE JAN 1     21                        12      9       29
..................................................................


WIND (MPH)
  HIGHEST WIND SPEED    16   HIGHEST WIND DIRECTION     W (280)
  HIGHEST GUST SPEED    24   HIGHEST GUST DIRECTION     W (290)
  AVERAGE WIND SPEED     6.7


SKY COVER
  POSSIBLE SUNSHINE  MM
  AVERAGE SKY COVER 0.1


WEATHER CONDITIONS
 THE FOLLOWING WEATHER WAS RECORDED YESTERDAY.
  NO SIGNIFICANT WEATHER WAS OBSERVED.


RELATIVE HUMIDITY (PERCENT)
 HIGHEST    64           200 AM
 LOWEST     30           500 PM
 AVERAGE    47

..........................................................


THE GEORGETOWN DE CLIMATE NORMALS FOR TODAY
                         NORMAL    RECORD    YEAR
 MAXIMUM TEMPERATURE (F)   66        90      1957
 MINIMUM TEMPERATURE (F)   45        27      1961


SUNRISE AND SUNSET
APRIL 21 2018.........SUNRISE   617 AM EDT   SUNSET   744 PM EDT
APRIL 22 2018.........SUNRISE   615 AM EDT   SUNSET   745 PM EDT


-  INDICATES NEGATIVE NUMBERS.
R  INDICATES RECORD WAS SET OR TIED.
MM INDICATES DATA IS MISSING.
T  INDICATES TRACE AMOUNT.




$$
