000
CDUS43 KIND 260531
CLIGEZ


CLIMATE REPORT
NATIONAL WEATHER SERVICE INDIANAPOLIS IN
130 AM EDT SAT MAY 26 2018


...................................

...THE SHELBYVILLE IN CLIMATE SUMMARY FOR MAY 25 2018...

CLIMATE NORMAL PERIOD 1981 TO 2010
CLIMATE RECORD PERIOD 9999 TO 9999


WEATHER ITEM   OBSERVED TIME   NORMAL DEPARTURE LAST
                VALUE   (LST)  VALUE  FROM      YEAR
                                      NORMAL
......................................................
TEMPERATURE (F)
 YESTERDAY
  MAXIMUM         88    532 PM  76     12       66
  MINIMUM         57    512 AM  55      2       57
  AVERAGE         73            66      7       62

PRECIPITATION (IN)
  YESTERDAY        0.00          0.16  -0.16     0.61
  MONTH TO DATE    1.61          4.45  -2.84     5.55
  SINCE MAR 1      9.88         12.20  -2.32    12.81
  SINCE JAN 1     18.06         16.95   1.11    18.25

DEGREE DAYS
 HEATING
  YESTERDAY        0             3     -3        3
  MONTH TO DATE    5           124   -119      118
  SINCE MAR 1   1306          1221     85      922
  SINCE JUL 1   5214          5384   -170     4105

 COOLING
  YESTERDAY        8             3      5        0
  MONTH TO DATE  173            46    127       71
  SINCE MAR 1    181            59    122      131
  SINCE JAN 1    186            59    127      131
......................................................


WIND (MPH)
  HIGHEST WIND SPEED    14   HIGHEST WIND DIRECTION    SW (220)
  HIGHEST GUST SPEED    18   HIGHEST GUST DIRECTION    SW (240)
  AVERAGE WIND SPEED     5.7


SKY COVER
  AVERAGE SKY COVER 0.0


WEATHER CONDITIONS
 THE FOLLOWING WEATHER WAS RECORDED YESTERDAY.
  HAZE


RELATIVE HUMIDITY (PERCENT)
 HIGHEST    84           300 AM
 LOWEST     31           200 PM
 AVERAGE    58

..........................................................


THE SHELBYVILLE IN CLIMATE NORMALS FOR TODAY
                         NORMAL
 MAXIMUM TEMPERATURE (F)   77
 MINIMUM TEMPERATURE (F)   56


SUNRISE AND SUNSET
MAY 26 2018...........SUNRISE   621 AM EDT   SUNSET   900 PM EDT
MAY 27 2018...........SUNRISE   620 AM EDT   SUNSET   901 PM EDT


-  INDICATES NEGATIVE NUMBERS.
R  INDICATES RECORD WAS SET OR TIED.
MM INDICATES DATA IS MISSING.
T  INDICATES TRACE AMOUNT.




$$
