000
CDUS44 KSHV 210733
CLIGGG


CLIMATE REPORT
NATIONAL WEATHER SERVICE SHREVEPORT, LA
233 AM CDT MON MAY 21 2018


...................................

...THE LONGVIEW CLIMATE SUMMARY FOR MAY 20 2018...

CLIMATE NORMAL PERIOD 1981 TO 2010
CLIMATE RECORD PERIOD 1902 TO 2018


WEATHER ITEM   OBSERVED TIME   RECORD YEAR NORMAL DEPARTURE LAST
                VALUE   (LST)  VALUE       VALUE  FROM      YEAR
                                                  NORMAL
..................................................................
TEMPERATURE (F)
 YESTERDAY
  MAXIMUM         90    122 PM  95    1915  85      5       85
  MINIMUM         67   1143 PM  49    2002  64      3       67
                                      1909
  AVERAGE         79                        74      5       76

PRECIPITATION (IN)
  YESTERDAY        0.06          2.75 1944   0.14  -0.08     1.71
  MONTH TO DATE    0.62                      3.09  -2.47     2.75
  SINCE DEC 1     29.17                     22.51   6.66    24.55
  SINCE JAN 1     23.84                     18.02   5.82    19.75

SNOWFALL (IN)
  YESTERDAY        0.0
  MONTH TO DATE    0.0
  SINCE MAR 1      0.0
  SINCE JUL 1      1.5
  SNOW DEPTH       0

DEGREE DAYS
 HEATING
  YESTERDAY        0                         0      0        0
  MONTH TO DATE    0                         8     -8        6
  SINCE MAR 1    283                       353    -70      189
  SINCE JUL 1   2077                      2257   -180     1290

 COOLING
  YESTERDAY       14                         9      5       11
  MONTH TO DATE  236                       141     95      136
  SINCE MAR 1    346                       252     94      374
  SINCE JAN 1    382                       264    118      445
..................................................................


WIND (MPH)
  HIGHEST WIND SPEED    20   HIGHEST WIND DIRECTION     S (160)
  HIGHEST GUST SPEED    25   HIGHEST GUST DIRECTION     S (170)
  AVERAGE WIND SPEED     6.1


SKY COVER
  POSSIBLE SUNSHINE  MM
  AVERAGE SKY COVER 0.4


WEATHER CONDITIONS
 THE FOLLOWING WEATHER WAS RECORDED YESTERDAY.
  THUNDERSTORM
  RAIN
  LIGHT RAIN


RELATIVE HUMIDITY (PERCENT)
 HIGHEST   100           600 AM
 LOWEST     50          1200 PM
 AVERAGE    75

..........................................................


THE LONGVIEW CLIMATE NORMALS FOR TODAY
                         NORMAL    RECORD    YEAR
 MAXIMUM TEMPERATURE (F)   85        97      1918
 MINIMUM TEMPERATURE (F)   64        48      1931


SUNRISE AND SUNSET
MAY 21 2018...........SUNRISE   617 AM CDT   SUNSET   814 PM CDT
MAY 22 2018...........SUNRISE   617 AM CDT   SUNSET   815 PM CDT


-  INDICATES NEGATIVE NUMBERS.
R  INDICATES RECORD WAS SET OR TIED.
MM INDICATES DATA IS MISSING.
T  INDICATES TRACE AMOUNT.




$$
