412
CDUS45 KGGW 201233
CLIGGW


CLIMATE REPORT
NATIONAL WEATHER SERVICE GLASGOW MT
633 AM MDT FRI APR 20 2018


...................................

...THE GLASGOW MT CLIMATE SUMMARY FOR APRIL 20 2018...
VALID AS OF 0600 AM LOCAL TIME.

CLIMATE NORMAL PERIOD 1981 TO 2010
CLIMATE RECORD PERIOD 1893 TO 2018


WEATHER ITEM   OBSERVED TIME   RECORD YEAR NORMAL DEPARTURE LAST
                VALUE   (LST)  VALUE       VALUE  FROM      YEAR
                                                  NORMAL
..................................................................
TEMPERATURE (F)
 TODAY
  MINIMUM         38    449 AM  13    1927  34      4       30

PRECIPITATION (IN)
  TODAY            0.00          0.44 1940   0.04  -0.04     0.00
  MONTH TO DATE    0.38                      0.49  -0.11     0.41
  SINCE OCT 1      4.57                      3.09   1.48     5.45
  SINCE JAN 1      2.77                      1.54   1.23     1.92

SNOWFALL (IN)
  TODAY            0.0           3.7  1967   0.1   -0.1      0.0
  MONTH TO DATE    5.6                       1.5    4.1      0.0
  SINCE MAR 1     25.3                       6.2   19.1      6.2
  SINCE JUL 1     63.4                      33.2   30.2     37.7
  SNOW DEPTH       0

DEGREE DAYS
 HEATING
  TODAY           24                        18      6       19
  MONTH TO DATE  657                       437    220      376
  SINCE MAR 1   1922                      1471    451     1331
  SINCE JUL 1   8788                      7841    947     7438

 COOLING
  TODAY            0                         0      0        0
  MONTH TO DATE    0                         0      0        0
  SINCE MAR 1      0                         0      0        0
  SINCE JAN 1      0                         0      0        0
..................................................................





WEATHER CONDITIONS
 THE FOLLOWING WEATHER WAS RECORDED TODAY.
  NO SIGNIFICANT WEATHER WAS OBSERVED.


RELATIVE HUMIDITY (PERCENT)
 HIGHEST    79           300 AM

..........................................................


THE GLASGOW MT CLIMATE NORMALS FOR TOMORROW
                         NORMAL    RECORD    YEAR
 MAXIMUM TEMPERATURE (F)   60        89      1942
 MINIMUM TEMPERATURE (F)   34        12      2008


SUNRISE AND SUNSET
APRIL 20 2018.........SUNRISE   607 AM MDT   SUNSET   805 PM MDT
APRIL 21 2018.........SUNRISE   605 AM MDT   SUNSET   806 PM MDT


-  INDICATES NEGATIVE NUMBERS.
R  INDICATES RECORD WAS SET OR TIED.
MM INDICATES DATA IS MISSING.
T  INDICATES TRACE AMOUNT.




$$
