232
CDUS45 KGJT 200741
CLIGJT


CLIMATE REPORT
NATIONAL WEATHER SERVICE GRAND JUNCTION CO
136 AM MDT SUN MAY 20 2018


...................................

...THE GRAND JUNCTION CO CLIMATE SUMMARY FOR MAY 19 2018...

CLIMATE NORMAL PERIOD 1981 TO 2010
CLIMATE RECORD PERIOD 1893 TO 2018


WEATHER ITEM   OBSERVED TIME   RECORD YEAR NORMAL DEPARTURE LAST
                VALUE   (LST)  VALUE       VALUE  FROM      YEAR
                                                  NORMAL
..................................................................
TEMPERATURE (F)
 YESTERDAY
  MAXIMUM         77    116 PM  91    2006  77      0       58
                                      1901
  MINIMUM         48    447 AM  34    1971  48      0       39
                                      1960
  AVERAGE         63                        62      1       49

PRECIPITATION (IN)
  YESTERDAY        0.00          0.44 1915   0.02  -0.02     0.02
  MONTH TO DATE    0.15                      0.58  -0.43     0.66
  SINCE MAR 1      1.43                      2.41  -0.98     1.28
  SINCE JAN 1      2.91                      3.53  -0.62     2.83

SNOWFALL (IN)
  YESTERDAY        0.0           T    2017   0.0    0.0       T
  MONTH TO DATE    0.0                       0.1   -0.1       T
  SINCE MAR 1      0.2                       3.6   -3.4       T
  SINCE JUL 1      9.0                      19.1  -10.1     13.9
  SNOW DEPTH       0

DEGREE DAYS
 HEATING
  YESTERDAY        2                         4     -2       16
  MONTH TO DATE   61                       120    -59      124
  SINCE MAR 1    984                      1175   -191      937
  SINCE JUL 1   4954                      5554   -600     4584

 COOLING
  YESTERDAY        0                         2     -2        0
  MONTH TO DATE   34                        18     16       17
  SINCE MAR 1     36                        21     15       18
  SINCE JAN 1     36                        21     15       18
..................................................................


WIND (MPH)
  HIGHEST WIND SPEED    30   HIGHEST WIND DIRECTION    NW (300)
  HIGHEST GUST SPEED    36   HIGHEST GUST DIRECTION    NW (300)
  AVERAGE WIND SPEED     9.4


SKY COVER
  POSSIBLE SUNSHINE  MM
  AVERAGE SKY COVER 0.0


WEATHER CONDITIONS
 THE FOLLOWING WEATHER WAS RECORDED YESTERDAY.
  NO SIGNIFICANT WEATHER WAS OBSERVED.


RELATIVE HUMIDITY (PERCENT)
 HIGHEST    50           500 AM
 LOWEST     21           100 PM
 AVERAGE    36

..........................................................


THE GRAND JUNCTION CO CLIMATE NORMALS FOR TODAY
                         NORMAL    RECORD    YEAR
 MAXIMUM TEMPERATURE (F)   78        94      2005
 MINIMUM TEMPERATURE (F)   48        34      1974


SUNRISE AND SUNSET
MAY 20 2018...........SUNRISE   557 AM MDT   SUNSET   825 PM MDT
MAY 21 2018...........SUNRISE   556 AM MDT   SUNSET   826 PM MDT


-  INDICATES NEGATIVE NUMBERS.
R  INDICATES RECORD WAS SET OR TIED.
MM INDICATES DATA IS MISSING.
T  INDICATES TRACE AMOUNT.




$$
