000
CDUS43 KGLD 260739
CLIGLD

CLIMATE REPORT
NATIONAL WEATHER SERVICE GOODLAND
136 AM MDT THU APR 26 2018

...................................

...THE GOODLAND KS CLIMATE SUMMARY FOR APRIL 25 2018...

CLIMATE NORMAL PERIOD 1981 TO 2010
CLIMATE RECORD PERIOD 1895 TO 2018

WEATHER ITEM   OBSERVED TIME   RECORD YEAR NORMAL DEPARTURE LAST
                VALUE   (LST)  VALUE       VALUE  FROM      YEAR
                                                  NORMAL
..................................................................
TEMPERATURE (F)
 YESTERDAY
  MAXIMUM         61    507 PM  88    1981  67     -6       62
  MINIMUM         31    529 AM  22    2002  38     -7       37
  AVERAGE         46                        52     -6       50

PRECIPITATION (IN)
  YESTERDAY        0.00          0.78 1930   0.06  -0.06     0.00
  MONTH TO DATE    1.48                      1.28   0.20     1.15
  SINCE MAR 1      1.89                      2.35  -0.46     2.83
  SINCE JAN 1      3.18                      3.22  -0.04     3.76

SNOWFALL (IN)
  YESTERDAY        0.0                       0.1   -0.1      0.0
  MONTH TO DATE    3.9                       3.9    0.0      0.0
  SINCE MAR 1      4.8                      10.7   -5.9       T
  SINCE JUL 1     25.3                      34.7   -9.4      9.4
  SNOW DEPTH       0

DEGREE DAYS
 HEATING
  YESTERDAY       19                        13      6       15
  MONTH TO DATE  532                       419    113      296
  SINCE MAR 1   1227                      1177     50      891
  SINCE JUL 1   5472                      5594   -122     4776

 COOLING
  YESTERDAY        0                         0      0        0
  MONTH TO DATE    0                         0      0        7
  SINCE MAR 1      0                         0      0        7
  SINCE JAN 1      0                         0      0        7
..................................................................

WIND (MPH)
  HIGHEST WIND SPEED    20   HIGHEST WIND DIRECTION     N (340)
  HIGHEST GUST SPEED    26   HIGHEST GUST DIRECTION    NW (310)
  AVERAGE WIND SPEED    11.0


SKY COVER
  AVERAGE SKY COVER 0.1


WEATHER CONDITIONS
 THE FOLLOWING WEATHER WAS RECORDED YESTERDAY.
  NO SIGNIFICANT WEATHER WAS OBSERVED.


RELATIVE HUMIDITY (PERCENT)
 HIGHEST   100
 LOWEST     32
 AVERAGE    66

..........................................................


THE GOODLAND KS CLIMATE NORMALS FOR TODAY
                         NORMAL    RECORD    YEAR
 MAXIMUM TEMPERATURE (F)   67        89      1927
 MINIMUM TEMPERATURE (F)   38        23      2006
                                             1953
                                             1924


SUNRISE AND SUNSET
APRIL 26 2018.........SUNRISE   554 AM MDT   SUNSET   735 PM MDT
APRIL 27 2018.........SUNRISE   553 AM MDT   SUNSET   736 PM MDT


-  INDICATES NEGATIVE NUMBERS.
R  INDICATES RECORD WAS SET OR TIED.
MM INDICATES DATA IS MISSING.
T  INDICATES TRACE AMOUNT.

&&

THE AVERAGE SOIL TEMPERATURE AT THE FOUR INCH DEPTH... 46

$$
