367
CDUS44 KJAN 252216
CLIGLH


CLIMATE REPORT
NATIONAL WEATHER SERVICE JACKSON MS
516 PM CDT FRI MAY 25 2018


...................................

...THE GREENVILLE CLIMATE SUMMARY FOR MAY 25 2018...
VALID AS OF 0500 PM LOCAL TIME.

CLIMATE NORMAL PERIOD 1981 TO 2010
CLIMATE RECORD PERIOD 1903 TO 2018


WEATHER ITEM   OBSERVED TIME   RECORD YEAR NORMAL DEPARTURE LAST
                VALUE   (LST)  VALUE       VALUE  FROM      YEAR
                                                  NORMAL
..................................................................
TEMPERATURE (F)
 TODAY
  MAXIMUM         86   1135 AM  95    1911  84      2
  MINIMUM         69    535 AM  49    2017  65      4
                                      1925
  AVERAGE         78                        75      3       64

PRECIPITATION (IN)
  TODAY            T             3.11 1909   0.14  -0.14     0.00
  MONTH TO DATE    1.47                      4.19  -2.72     1.12
  SINCE MAR 1     12.04                     13.55  -1.51     7.78
  SINCE JAN 1     25.03                     23.54   1.49    15.81

SNOWFALL (IN)
  TODAY            0.0

DEGREE DAYS
 HEATING
  TODAY            0                         0      0        1
  MONTH TO DATE    0                        10    -10       20
  SINCE MAR 1    464                       462      2      297
  SINCE JUL 1   2677                      2771    -94     1830

 COOLING
  TODAY           13                        10      3        0
  MONTH TO DATE  291                       175    116      139
  SINCE MAR 1    327                       256     71      305
  SINCE JAN 1    349                       261     88      334
..................................................................


WIND (MPH)
  HIGHEST WIND SPEED    17   HIGHEST WIND DIRECTION    SE (140)
  HIGHEST GUST SPEED    22   HIGHEST GUST DIRECTION    SE (140)
  AVERAGE WIND SPEED     3.6


SKY COVER
  POSSIBLE SUNSHINE  MM
  AVERAGE SKY COVER 0.1


WEATHER CONDITIONS
 THE FOLLOWING WEATHER WAS RECORDED TODAY.
  THUNDERSTORM
  LIGHT RAIN


RELATIVE HUMIDITY (PERCENT)
 HIGHEST    90           200 AM
 LOWEST     59          1100 AM
 AVERAGE    75

..........................................................


THE GREENVILLE CLIMATE NORMALS FOR TOMORROW
                         NORMAL    RECORD    YEAR
 MAXIMUM TEMPERATURE (F)   85        96      1911
 MINIMUM TEMPERATURE (F)   65        47      1925


SUNRISE AND SUNSET
MAY 25 2018...........SUNRISE   558 AM CDT   SUNSET   804 PM CDT
MAY 26 2018...........SUNRISE   557 AM CDT   SUNSET   805 PM CDT


-  INDICATES NEGATIVE NUMBERS.
R  INDICATES RECORD WAS SET OR TIED.
MM INDICATES DATA IS MISSING.
T  INDICATES TRACE AMOUNT.




$$
