000
CDUS43 KGRB 212136
CLIGRB


CLIMATE REPORT
NATIONAL WEATHER SERVICE GREEN BAY
435 PM CDT MON MAY 21 2018


...................................

...THE GREEN BAY WI CLIMATE SUMMARY FOR MAY 21 2018...
VALID TODAY AS OF 0400 PM LOCAL TIME.

CLIMATE NORMAL PERIOD 1981 TO 2010
CLIMATE RECORD PERIOD 1886 TO 2018


WEATHER ITEM   OBSERVED TIME   RECORD YEAR NORMAL DEPARTURE LAST
                VALUE   (LST)  VALUE       VALUE  FROM      YEAR
                                                  NORMAL
..................................................................
TEMPERATURE (F)
 TODAY
  MAXIMUM         62   1141 AM  88    1970  68     -6       63
  MINIMUM         38    338 AM  30    2002  46     -8       48
  AVERAGE         50                        57     -7       56

PRECIPITATION (IN)
  TODAY            0.02          2.45 1914   0.10  -0.08     0.25
  MONTH TO DATE    3.45                      1.84   1.61     2.10
  SINCE MAR 1      9.31                      6.32   2.99     8.88
  SINCE JAN 1     11.81                      8.56   3.25    12.13

SNOWFALL (IN)
  TODAY            0.0           0.0    MM   0.0    0.0      0.0
  MONTH TO DATE    T                         0.2   -0.2      0.0
  SINCE MAR 1     43.7                      11.2   32.5      9.0
  SINCE JUL 1     68.1                      51.4   16.7     53.2
  SNOW DEPTH       0

DEGREE DAYS
 HEATING
  TODAY           15                         9      6        9
  MONTH TO DATE  169                       250    -81      244
  SINCE MAR 1   2087                      1947    140     1755
  SINCE JUL 1   7541                      7787   -246     6328

 COOLING
  TODAY            0                         1     -1        0
  MONTH TO DATE    6                         4      2        8
  SINCE MAR 1      6                         6      0        8
  SINCE JAN 1      6                         6      0        8
..................................................................


WIND (MPH)
  HIGHEST WIND SPEED    15   HIGHEST WIND DIRECTION     E (110)
  HIGHEST GUST SPEED    20   HIGHEST GUST DIRECTION    SE (130)
  AVERAGE WIND SPEED     6.4


SKY COVER
  POSSIBLE SUNSHINE  MM
  AVERAGE SKY COVER 0.4


WEATHER CONDITIONS
 THE FOLLOWING WEATHER WAS RECORDED TODAY.
  LIGHT RAIN


RELATIVE HUMIDITY (PERCENT)
 HIGHEST    85           100 AM
 LOWEST     60          1200 PM
 AVERAGE    73

..........................................................


THE GREEN BAY WI CLIMATE NORMALS FOR TOMORROW
                         NORMAL    RECORD    YEAR
 MAXIMUM TEMPERATURE (F)   68        91      1921
 MINIMUM TEMPERATURE (F)   46        29      1967


SUNRISE AND SUNSET
MAY 21 2018...........SUNRISE   519 AM CDT   SUNSET   820 PM CDT
MAY 22 2018...........SUNRISE   518 AM CDT   SUNSET   821 PM CDT


-  INDICATES NEGATIVE NUMBERS.
R  INDICATES RECORD WAS SET OR TIED.
MM INDICATES DATA IS MISSING.
T  INDICATES TRACE AMOUNT.




$$
