882
CDUS42 KGSP 250632 RRA
CLIGSP

CLIMATE REPORT
NATIONAL WEATHER SERVICE GREENVILLE-SPARTANBURG SC
232 AM EDT WED APR 25 2018


...................................

...THE GREENVILLE-SPARTANBURG SC CLIMATE SUMMARY FOR APRIL 24 2018...

CLIMATE NORMAL PERIOD 1981 TO 2010
CLIMATE RECORD PERIOD 1884 TO 2018


WEATHER ITEM   OBSERVED TIME   RECORD YEAR NORMAL DEPARTURE LAST
                VALUE   (LST)  VALUE       VALUE  FROM      YEAR
                                                  NORMAL
..................................................................
TEMPERATURE (F)
 YESTERDAY
  MAXIMUM         67    237 PM  92    1925  75     -8       56
  MINIMUM         56    902 AM  31    1986  51      5       49
                                      1903
  AVERAGE         62                        63     -1       53

PRECIPITATION (IN)
  YESTERDAY        0.32          1.64 2017   0.12   0.20     1.64
  MONTH TO DATE    5.26                      2.70   2.56     7.05
  SINCE MAR 1      8.82                      7.22   1.60    14.40
  SINCE JAN 1     17.09                     15.01   2.08    20.12

SNOWFALL (IN)
  YESTERDAY        0.0           0.0    MM   0.0    0.0      0.0
  MONTH TO DATE    0.0                       0.0    0.0      0.0
  SINCE MAR 1      0.0                       0.9   -0.9      0.5
  SINCE JUL 1      4.7                       4.7    0.0      3.6
  SNOW DEPTH       0

DEGREE DAYS
 HEATING
  YESTERDAY        3                         4     -1       12
  MONTH TO DATE  184                       152     32       75
  SINCE MAR 1    624                       536     88      429
  SINCE JUL 1   2895                      2985    -90     2155

 COOLING
  YESTERDAY        0                         2     -2        0
  MONTH TO DATE   12                        29    -17       55
  SINCE MAR 1     13                        37    -24       71
  SINCE JAN 1     33                        37     -4       77
..................................................................


WIND (MPH)
  HIGHEST WIND SPEED    15   HIGHEST WIND DIRECTION     N (20)
  HIGHEST GUST SPEED    20   HIGHEST GUST DIRECTION    NE (40)
  AVERAGE WIND SPEED     7.1


SKY COVER
  POSSIBLE SUNSHINE  MM
  AVERAGE SKY COVER 1.0


WEATHER CONDITIONS
 THE FOLLOWING WEATHER WAS RECORDED YESTERDAY.
  HEAVY RAIN
  RAIN
  LIGHT RAIN
  FOG


RELATIVE HUMIDITY (PERCENT)
 HIGHEST   100          1200 AM
 LOWEST     78           300 PM
 AVERAGE    89

..........................................................


THE GREENVILLE-SPARTANBURG SC CLIMATE NORMALS FOR TODAY
                         NORMAL    RECORD    YEAR
 MAXIMUM TEMPERATURE (F)   75        92      1960
 MINIMUM TEMPERATURE (F)   51        32      1903


SUNRISE AND SUNSET
APRIL 25 2018.........SUNRISE   645 AM EDT   SUNSET   809 PM EDT
APRIL 26 2018.........SUNRISE   644 AM EDT   SUNSET   810 PM EDT


-  INDICATES NEGATIVE NUMBERS.
R  INDICATES RECORD WAS SET OR TIED.
MM INDICATES DATA IS MISSING.
T  INDICATES TRACE AMOUNT.




$$
