000
CDUS45 KTFX 220845
CLIGTF


CLIMATE REPORT
NATIONAL WEATHER SERVICE GREAT FALLS MT
244 AM MDT SUN APR 22 2018


...................................

...THE GREAT FALLS MT CLIMATE SUMMARY FOR APRIL 21 2018...

CLIMATE NORMAL PERIOD 1981 TO 2010
CLIMATE RECORD PERIOD 1886 TO 2018


WEATHER ITEM   OBSERVED TIME   RECORD YEAR NORMAL DEPARTURE LAST
                VALUE   (LST)  VALUE       VALUE  FROM      YEAR
                                                  NORMAL
..................................................................
TEMPERATURE (F)
 YESTERDAY
  MAXIMUM         66   1229 PM  80    1942  57      9       44
  MINIMUM         33    112 AM  -8    2008  32      1       38
  AVERAGE         50                        44      6       41

PRECIPITATION (IN)
  YESTERDAY        0.00          0.63 2011   0.05  -0.05     0.49
  MONTH TO DATE    1.47                      0.95   0.52     2.85
  SINCE OCT 1      7.08                      4.84   2.24     7.61
  SINCE JAN 1      4.22                      2.84   1.38     4.68

SNOWFALL (IN)
  YESTERDAY        0.0           4.6  2013   0.3   -0.3      0.0
  MONTH TO DATE   20.2                       6.5   13.7      5.0
  SINCE MAR 1     32.6                      18.4   14.2     10.6
  SINCE JUL 1    104.9                      58.4   46.5     48.4
  SNOW DEPTH       0

DEGREE DAYS
 HEATING
  YESTERDAY       15                        20     -5       24
  MONTH TO DATE  654                       487    167      446
  SINCE MAR 1   1751                      1440    311     1285
  SINCE JUL 1   7640                      6945    695     6983

 COOLING
  YESTERDAY        0                         0      0        0
  MONTH TO DATE    0                         0      0        0
  SINCE MAR 1      0                         0      0        0
  SINCE JAN 1      0                         0      0        0
..................................................................


WIND (MPH)
  HIGHEST WIND SPEED    46   HIGHEST WIND DIRECTION     W (250)
  HIGHEST GUST SPEED    59   HIGHEST GUST DIRECTION     W (250)
  AVERAGE WIND SPEED    18.6


SKY COVER
  AVERAGE SKY COVER 0.0


WEATHER CONDITIONS
 THE FOLLOWING WEATHER WAS RECORDED YESTERDAY.
  NO SIGNIFICANT WEATHER WAS OBSERVED.


RELATIVE HUMIDITY (PERCENT)
 HIGHEST    64           200 AM
 LOWEST     24           600 PM
 AVERAGE    44

..........................................................


THE GREAT FALLS MT CLIMATE NORMALS FOR TODAY
                         NORMAL    RECORD    YEAR
 MAXIMUM TEMPERATURE (F)   58        83      1969
 MINIMUM TEMPERATURE (F)   32         8      1967


SUNRISE AND SUNSET
APRIL 22 2018.........SUNRISE   624 AM MDT   SUNSET   825 PM MDT
APRIL 23 2018.........SUNRISE   622 AM MDT   SUNSET   826 PM MDT


-  INDICATES NEGATIVE NUMBERS.
R  INDICATES RECORD WAS SET OR TIED.
MM INDICATES DATA IS MISSING.
T  INDICATES TRACE AMOUNT.




$$
