000
CDUS41 KLWX 202128
CLIHGR


CLIMATE REPORT
NATIONAL WEATHER SERVICE BALTIMORE MD/WASHINGTON DC
527 PM EDT FRI APR 20 2018


...................................

...THE HAGERSTOWN MD CLIMATE SUMMARY FOR APRIL 20 2018...
VALID TODAY AS OF 0500 PM LOCAL TIME.

CLIMATE NORMAL PERIOD 1981 TO 2010
CLIMATE RECORD PERIOD 1998 TO 2018


WEATHER ITEM   OBSERVED TIME   RECORD YEAR NORMAL DEPARTURE LAST
                VALUE   (LST)  VALUE       VALUE  FROM      YEAR
                                                  NORMAL
..................................................................
TEMPERATURE (F)
 TODAY
  MAXIMUM         58    358 PM  MM      MM  65     -7       79
  MINIMUM         33    543 AM  MM      MM  44    -11       54
  AVERAGE         46                        54     -8       67

PRECIPITATION (IN)
  TODAY            0.00         MM      MM   0.12  -0.12     0.12
  MONTH TO DATE    3.49                      2.45   1.04     1.37
  SINCE MAR 1      5.45                      5.83  -0.38     4.20
  SINCE JAN 1     11.95                     11.06   0.89     8.30

DEGREE DAYS
 HEATING
  TODAY           19                        11      8        0
  MONTH TO DATE  350                       285     65      138
  SINCE MAR 1   1168                      1014    154      835
  SINCE JUL 1   4581                      4917   -336     3842

 COOLING
  TODAY            0                         1     -1        2
  MONTH TO DATE   15                         2     13       18
  SINCE MAR 1     15                         3     12       19
  SINCE JAN 1     20                         3     17       20
..................................................................


WIND (MPH)
  HIGHEST WIND SPEED    24   HIGHEST WIND DIRECTION    NW (310)
  HIGHEST GUST SPEED    30   HIGHEST GUST DIRECTION    NW (320)
  AVERAGE WIND SPEED    13.9


SKY COVER
  POSSIBLE SUNSHINE  MM
  AVERAGE SKY COVER 0.0


WEATHER CONDITIONS
 THE FOLLOWING WEATHER WAS RECORDED TODAY.
  NO SIGNIFICANT WEATHER WAS OBSERVED.


RELATIVE HUMIDITY (PERCENT)
 HIGHEST    61           400 AM
 LOWEST     30           300 PM
 AVERAGE    46

..........................................................


THE HAGERSTOWN MD CLIMATE NORMALS FOR TOMORROW
                         NORMAL    RECORD    YEAR
 MAXIMUM TEMPERATURE (F)   65        MM        MM
 MINIMUM TEMPERATURE (F)   44        MM        MM


SUNRISE AND SUNSET
APRIL 20 2018.........SUNRISE   626 AM EDT   SUNSET   754 PM EDT
APRIL 21 2018.........SUNRISE   625 AM EDT   SUNSET   755 PM EDT


-  INDICATES NEGATIVE NUMBERS.
R  INDICATES RECORD WAS SET OR TIED.
MM INDICATES DATA IS MISSING.
T  INDICATES TRACE AMOUNT.




$$
