000
CDUS46 KPQR 261142
CLIHIO


CLIMATE REPORT
NATIONAL WEATHER SERVICE PORTLAND OREGON
441 AM PDT THU APR 26 2018


...................................

...THE HILLSBORO OR CLIMATE SUMMARY FOR APRIL 25 2018...

CLIMATE NORMAL PERIOD 1981 TO 2010
CLIMATE RECORD PERIOD 1929 TO 2018


WEATHER ITEM   OBSERVED TIME   RECORD YEAR NORMAL DEPARTURE LAST
                VALUE   (LST)  VALUE       VALUE  FROM      YEAR
                                                  NORMAL
..................................................................
TEMPERATURE (F)
 YESTERDAY
  MAXIMUM         85R   447 PM  82    2001  63     22       53
  MINIMUM         46    602 AM  31    1985  40      6       45
  AVERAGE         66                        52     14       49

PRECIPITATION (IN)
  YESTERDAY        0.00          0.61 2011   0.10  -0.10
  MONTH TO DATE    2.88                      2.59   0.29
  SINCE OCT 1     25.29                     33.18  -7.89
  SINCE JAN 1     12.99                     16.79  -3.80

SNOWFALL (IN)
  YESTERDAY        0.0
  MONTH TO DATE    0.0
  SINCE MAR 1      0.0
  SINCE JUL 1      0.0
  SNOW DEPTH       0

DEGREE DAYS
 HEATING
  YESTERDAY        0                        13    -13
  MONTH TO DATE  348                       384    -36
  SINCE JUL 1   4198                      4498   -300

 COOLING
  YESTERDAY        1                         0      1
  MONTH TO DATE    2                         0      2
  SINCE JAN 1      2                         0      2
..................................................................


WIND (MPH)
  HIGHEST WIND SPEED     8   HIGHEST WIND DIRECTION    NE (40)
  HIGHEST GUST SPEED    11   HIGHEST GUST DIRECTION     N (20)
  AVERAGE WIND SPEED     1.6


SKY COVER
  POSSIBLE SUNSHINE  MM
  AVERAGE SKY COVER 0.0


WEATHER CONDITIONS
 THE FOLLOWING WEATHER WAS RECORDED YESTERDAY.
  NO SIGNIFICANT WEATHER WAS OBSERVED.


RELATIVE HUMIDITY (PERCENT)
 HIGHEST    86           100 AM
 LOWEST     17           400 PM
 AVERAGE    52

..........................................................


THE HILLSBORO OR CLIMATE NORMALS FOR TODAY
                         NORMAL    RECORD    YEAR
 MAXIMUM TEMPERATURE (F)   63        87      2004
 MINIMUM TEMPERATURE (F)   40        29      1943


SUNRISE AND SUNSET
APRIL 26 2018.........SUNRISE   607 AM PDT   SUNSET   813 PM PDT
APRIL 27 2018.........SUNRISE   606 AM PDT   SUNSET   814 PM PDT


-  INDICATES NEGATIVE NUMBERS.
R  INDICATES RECORD WAS SET OR TIED.
MM INDICATES DATA IS MISSING.
T  INDICATES TRACE AMOUNT.




$$
