000
CDUS41 KPBZ 270702
CLIHLG


CLIMATE REPORT
NATIONAL WEATHER SERVICE PITTSBURGH PA
300 AM EDT SUN MAY 27 2018


...................................

...THE WHEELING CLIMATE SUMMARY FOR MAY 26 2018...

CLIMATE NORMAL PERIOD 1981 TO 2010
CLIMATE RECORD PERIOD 1878 TO 2018


WEATHER ITEM   OBSERVED TIME   RECORD YEAR NORMAL DEPARTURE LAST
                VALUE   (LST)  VALUE       VALUE  FROM      YEAR
                                                  NORMAL
..................................................................
TEMPERATURE (F)
 YESTERDAY
  MAXIMUM         84   1242 PM  92    1939  73     11       70
  MINIMUM         66   1159 PM  31    2013  53     13       56
                                      1941
  AVERAGE         75                        63     12       63

PRECIPITATION (IN)
  YESTERDAY        1.57R         0.86 1901   0.13   1.44     0.03
  MONTH TO DATE    4.57                      3.49   1.08     5.06
  SINCE JAN 1     22.21                     14.46   7.75    17.43

DEGREE DAYS
 HEATING
  YESTERDAY        0                         4     -4        2
  MONTH TO DATE   18                       173   -155      185
  SINCE MAR 1   1486                      1364    122     1190
  SINCE JUL 1   5466                      5531    -65     4546

 COOLING
  YESTERDAY       10                                         0
  MONTH TO DATE   99                                        30
  SINCE MAR 1    113                                        56
  SINCE JAN 1    118                                        58
..................................................................


WIND (MPH)
  HIGHEST WIND SPEED    12   HIGHEST WIND DIRECTION    SW (240)
  HIGHEST GUST SPEED    16   HIGHEST GUST DIRECTION    SW (240)
  AVERAGE WIND SPEED     4.9


SKY COVER
  POSSIBLE SUNSHINE  MM
  AVERAGE SKY COVER 0.5


WEATHER CONDITIONS
 THE FOLLOWING WEATHER WAS RECORDED YESTERDAY.
  THUNDERSTORM
  HEAVY RAIN
  RAIN
  LIGHT RAIN
  FOG


RELATIVE HUMIDITY (PERCENT)
 HIGHEST    93           600 AM
 LOWEST     54          1200 PM
 AVERAGE    74

..........................................................


THE WHEELING CLIMATE NORMALS FOR TODAY
                         NORMAL    RECORD    YEAR
 MAXIMUM TEMPERATURE (F)   73        91      1941
 MINIMUM TEMPERATURE (F)   53        32      1930


SUNRISE AND SUNSET
MAY 27 2018...........SUNRISE   558 AM EDT   SUNSET   842 PM EDT
MAY 28 2018...........SUNRISE   557 AM EDT   SUNSET   843 PM EDT


-  INDICATES NEGATIVE NUMBERS.
R  INDICATES RECORD WAS SET OR TIED.
MM INDICATES DATA IS MISSING.
T  INDICATES TRACE AMOUNT.




$$
