000
CDUS44 KBRO 260626
CLIHRL


CLIMATE REPORT
NATIONAL WEATHER SERVICE BROWNSVILLE TX
125 AM CDT THU APR 26 2018


...................................

...THE HARLINGEN CLIMATE SUMMARY FOR APRIL 25 2018...

CLIMATE NORMAL PERIOD 1981 TO 2010
CLIMATE RECORD PERIOD 1912 TO 2018


WEATHER ITEM   OBSERVED TIME   RECORD YEAR NORMAL DEPARTURE LAST
                VALUE   (LST)  VALUE       VALUE  FROM      YEAR
                                                  NORMAL
..................................................................
TEMPERATURE (F)
 YESTERDAY
  MAXIMUM         90    256 PM 100    1945  87      3       93
  MINIMUM         64    412 AM  52    1913  67     -3       67
  AVERAGE         77                        77      0       80

PRECIPITATION (IN)
  YESTERDAY        0.10          1.44 1981   0.05   0.05     0.00
  MONTH TO DATE    0.43                      1.40  -0.97     0.87
  SINCE MAR 1      0.56                      2.69  -2.13     3.09
  SINCE JAN 1      3.21                      5.16  -1.95     4.40

SNOWFALL (IN)
  YESTERDAY        0.0
  MONTH TO DATE    0.0
  SINCE MAR 1      0.0
  SINCE JUL 1      1.0
  SNOW DEPTH       0

DEGREE DAYS
 HEATING
  YESTERDAY        0                         0      0        0
  MONTH TO DATE    3                         7     -4        0
  SINCE MAR 1      4                        53    -49        4
  SINCE JUL 1    644                       621     23      234

 COOLING
  YESTERDAY       12                        12      0       15
  MONTH TO DATE  224                       255    -31      290
  SINCE MAR 1    491                       425     66      580
  SINCE JAN 1    697                       550    147      947
..................................................................


WIND (MPH)
  HIGHEST WIND SPEED    23   HIGHEST WIND DIRECTION    SE (130)
  HIGHEST GUST SPEED    33   HIGHEST GUST DIRECTION    SE (120)
  AVERAGE WIND SPEED    12.9



WEATHER CONDITIONS
 THE FOLLOWING WEATHER WAS RECORDED YESTERDAY.
  THUNDERSTORM
  RAIN
  LIGHT RAIN


RELATIVE HUMIDITY (PERCENT)
 HIGHEST   100
 LOWEST     34
 AVERAGE    67

..........................................................


THE HARLINGEN CLIMATE NORMALS FOR TODAY
                         NORMAL    RECORD    YEAR
 MAXIMUM TEMPERATURE (F)   87       104      2017
 MINIMUM TEMPERATURE (F)   67        47      1913


SUNRISE AND SUNSET
APRIL 26 2018.........SUNRISE   657 AM CDT   SUNSET   800 PM CDT
APRIL 27 2018.........SUNRISE   656 AM CDT   SUNSET   800 PM CDT


-  INDICATES NEGATIVE NUMBERS.
R  INDICATES RECORD WAS SET OR TIED.
MM INDICATES DATA IS MISSING.
T  INDICATES TRACE AMOUNT.




$$
