314
CDUS43 KAPX 250526
CLIHTL


CLIMATE REPORT
NATIONAL WEATHER SERVICE GAYLORD MI
126 AM EDT WED APR 25 2018


...................................

...THE HOUGHTON LAKE MI CLIMATE SUMMARY FOR APRIL 24 2018...

CLIMATE NORMAL PERIOD 1981 TO 2010
CLIMATE RECORD PERIOD 1913 TO 2018


WEATHER ITEM   OBSERVED TIME   RECORD YEAR NORMAL DEPARTURE LAST
                VALUE   (LST)  VALUE       VALUE  FROM      YEAR
                                                  NORMAL
..................................................................
TEMPERATURE (F)
 YESTERDAY
  MAXIMUM         57    159 PM  85    1960  58     -1       69
                                      1942
  MINIMUM         40    308 AM  16    1917  34      6       33
  AVERAGE         49                        46      3       51

PRECIPITATION (IN)
  YESTERDAY        0.18          0.94 1976   0.07   0.11     0.00
  MONTH TO DATE    3.46                      2.00   1.46     4.52
  SINCE MAR 1      4.26                      3.84   0.42     7.20
  SINCE JAN 1      8.43                      6.56   1.87    12.68

SNOWFALL (IN)
  YESTERDAY        0.0           3.8  1976   0.0    0.0      0.0
  MONTH TO DATE   14.1                       3.5   10.6       T
  SINCE OCT 1     55.8                      66.3  -10.5     76.1
  SINCE JUL 1     55.8                      66.3  -10.5     76.1
  SNOW DEPTH       0

DEGREE DAYS
 HEATING
  YESTERDAY       16                        19     -3       14
  MONTH TO DATE  784                       571    213      444
  SINCE MAR 1   1899                      1684    215     1541
  SINCE JUL 1   7452                      7556   -104     6391

 COOLING
  YESTERDAY        0                         0      0        0
  MONTH TO DATE    0                         0      0        0
  SINCE MAR 1      0                         0      0        0
  SINCE JAN 1      0                         0      0        0
..................................................................


WIND (MPH)
  HIGHEST WIND SPEED    16   HIGHEST WIND DIRECTION     N (350)
  HIGHEST GUST SPEED    21   HIGHEST GUST DIRECTION     N (10)
  AVERAGE WIND SPEED     3.7




RELATIVE HUMIDITY (PERCENT)
 HIGHEST    96
 LOWEST     60
 AVERAGE    78

..........................................................


THE HOUGHTON LAKE MI CLIMATE NORMALS FOR TODAY
                         NORMAL    RECORD    YEAR
 MAXIMUM TEMPERATURE (F)   59        87      1939
 MINIMUM TEMPERATURE (F)   35        16      1918


SUNRISE AND SUNSET
APRIL 25 2018.........SUNRISE   639 AM EDT   SUNSET   836 PM EDT
APRIL 26 2018.........SUNRISE   637 AM EDT   SUNSET   837 PM EDT


-  INDICATES NEGATIVE NUMBERS.
R  INDICATES RECORD WAS SET OR TIED.
MM INDICATES DATA IS MISSING.
T  INDICATES TRACE AMOUNT.




$$
