000
CDUS45 KTFX 252240
CLIHVR


CLIMATE REPORT
NATIONAL WEATHER SERVICE GREAT FALLS MT
440 PM MDT FRI MAY 25 2018


...................................

...THE HAVRE MT CLIMATE SUMMARY FOR MAY 25 2018...
VALID TODAY AS OF 0400 PM LOCAL TIME.

CLIMATE NORMAL PERIOD 1981 TO 2010
CLIMATE RECORD PERIOD 1880 TO 2018


WEATHER ITEM   OBSERVED TIME   RECORD YEAR NORMAL DEPARTURE LAST
                VALUE   (LST)  VALUE       VALUE  FROM      YEAR
                                                  NORMAL
..................................................................
TEMPERATURE (F)
 TODAY
  MAXIMUM         84    259 PM  94    1928  70     14       62
  MINIMUM         58    523 AM  29    1918  44     14       40
                                      1893
  AVERAGE         71                        57     14       51

PRECIPITATION (IN)
  TODAY            0.00          0.94 1916   0.07  -0.07     0.04
  MONTH TO DATE    0.95                      1.33  -0.38     0.33
  SINCE OCT 1      7.85                      4.73   3.12     6.51
  SINCE JAN 1      4.33                      3.32   1.01     2.52

DEGREE DAYS
 HEATING
  TODAY            0                         9     -9       14
  MONTH TO DATE  168                       305   -137      254
  SINCE MAR 1   2352                      1922    430     1750
  SINCE JUL 1   9144                      8042   1102     7749

 COOLING
  TODAY            6                         0      6        0
  MONTH TO DATE   13                         0     13        6
  SINCE MAR 1     13                         1     12        6
  SINCE JAN 1     13                         1     12        6
..................................................................


WIND (MPH)
  HIGHEST WIND SPEED    22   HIGHEST WIND DIRECTION    SW (220)
  HIGHEST GUST SPEED    27   HIGHEST GUST DIRECTION    SW (220)
  AVERAGE WIND SPEED    12.7


SKY COVER
  AVERAGE SKY COVER 0.0


WEATHER CONDITIONS
 THE FOLLOWING WEATHER WAS RECORDED TODAY.
  NO SIGNIFICANT WEATHER WAS OBSERVED.


RELATIVE HUMIDITY (PERCENT)
 HIGHEST    62           500 AM
 LOWEST     28           200 PM
 AVERAGE    45

..........................................................


THE HAVRE MT CLIMATE NORMALS FOR TOMORROW
                         NORMAL    RECORD    YEAR
 MAXIMUM TEMPERATURE (F)   70        96      1936
 MINIMUM TEMPERATURE (F)   44        25      1918


SUNRISE AND SUNSET
MAY 25 2018...........SUNRISE   527 AM MDT   SUNSET   906 PM MDT
MAY 26 2018...........SUNRISE   526 AM MDT   SUNSET   907 PM MDT


-  INDICATES NEGATIVE NUMBERS.
R  INDICATES RECORD WAS SET OR TIED.
MM INDICATES DATA IS MISSING.
T  INDICATES TRACE AMOUNT.




$$
