000
CDUS45 KPIH 270729
CLIIDA


CLIMATE REPORT
NATIONAL WEATHER SERVICE POCATELLO ID
129 AM MDT FRI APR 27 2018


...................................

...THE IDAHO FALLS ID CLIMATE SUMMARY FOR APRIL 26 2018...

CLIMATE NORMAL PERIOD 1981 TO 2010
CLIMATE RECORD PERIOD 1948 TO 2018


WEATHER ITEM   OBSERVED TIME   RECORD YEAR NORMAL DEPARTURE LAST
                VALUE   (LST)  VALUE       VALUE  FROM      YEAR
                                                  NORMAL
..................................................................
TEMPERATURE (F)
 YESTERDAY
  MAXIMUM         71    511 PM  82    1992  61     10       51
  MINIMUM         33    559 AM  21    2008  34     -1       38
  AVERAGE         52                        47      5       45

PRECIPITATION (IN)
  YESTERDAY        0.00          0.58 1971   0.05  -0.05     0.08
  MONTH TO DATE    1.38                      0.94   0.44     0.85
  SINCE OCT 1      5.19                      5.72  -0.53     7.61
  SINCE JAN 1      3.26                      3.15   0.11     3.33

SNOWFALL (IN)
  YESTERDAY       MM
  MONTH TO DATE   MM
  SINCE MAR 1     MM
  SINCE JUL 1     MM
  SNOW DEPTH      MM

DEGREE DAYS
 HEATING
  YESTERDAY       13                        18     -5       20
  MONTH TO DATE  500                       542    -42      544
  SINCE MAR 1   1422                      1444    -22     1278
  SINCE JUL 1   6710                      7246   -536     7075

 COOLING
  YESTERDAY        0                         0      0        0
  MONTH TO DATE    0                         0      0        0
  SINCE MAR 1      0                         0      0        0
  SINCE JAN 1      0                         0      0        0
..................................................................


WIND (MPH)
  HIGHEST WIND SPEED    13   HIGHEST WIND DIRECTION    NE (40)
  HIGHEST GUST SPEED    17   HIGHEST GUST DIRECTION    NE (30)
  AVERAGE WIND SPEED     5.7


SKY COVER
  POSSIBLE SUNSHINE  MM
  AVERAGE SKY COVER 0.0


WEATHER CONDITIONS
 THE FOLLOWING WEATHER WAS RECORDED YESTERDAY.
  NO SIGNIFICANT WEATHER WAS OBSERVED.


RELATIVE HUMIDITY (PERCENT)
 HIGHEST    82           600 AM
 LOWEST     11           200 PM
 AVERAGE    47

..........................................................


THE IDAHO FALLS ID CLIMATE NORMALS FOR TODAY
                         NORMAL    RECORD    YEAR
 MAXIMUM TEMPERATURE (F)   61        82      1987
 MINIMUM TEMPERATURE (F)   34        15      1976


SUNRISE AND SUNSET
APRIL 27 2018.........SUNRISE   627 AM MDT   SUNSET   826 PM MDT
APRIL 28 2018.........SUNRISE   625 AM MDT   SUNSET   827 PM MDT


-  INDICATES NEGATIVE NUMBERS.
R  INDICATES RECORD WAS SET OR TIED.
MM INDICATES DATA IS MISSING.
T  INDICATES TRACE AMOUNT.




$$
