706
CDUS43 KIND 230557
CLIIND


CLIMATE REPORT
NATIONAL WEATHER SERVICE INDIANAPOLIS IN
156 AM EDT MON APR 23 2018


...................................

...THE INDIANAPOLIS IN CLIMATE SUMMARY FOR APRIL 22 2018...

CLIMATE NORMAL PERIOD 1981 TO 2010
CLIMATE RECORD PERIOD 1871 TO 2018


WEATHER ITEM   OBSERVED TIME   RECORD YEAR NORMAL DEPARTURE LAST
                VALUE   (LST)  VALUE       VALUE  FROM      YEAR
                                                  NORMAL
..................................................................
TEMPERATURE (F)
 YESTERDAY
  MAXIMUM         66    450 PM  85    1980  66      0       58
                                      1960
  MINIMUM         46    544 AM  27    1936  45      1       45
  AVERAGE         56                        55      1       52

PRECIPITATION (IN)
  YESTERDAY        0.00          2.34 2005   0.13  -0.13     0.00
  MONTH TO DATE    5.02                      2.73   2.29     1.47
  SINCE MAR 1      9.09                      6.29   2.80     6.19
  SINCE JAN 1     15.74                     11.27   4.47    11.64

SNOWFALL (IN)
  YESTERDAY        0.0           0.1  1927   0.0    0.0      0.0
  MONTH TO DATE    2.6                       0.2    2.4      0.0
  SINCE MAR 1     14.2                       2.8   11.4      1.0
  SINCE JUL 1     23.2                      25.9   -2.7      9.7
  SNOW DEPTH       0

DEGREE DAYS
 HEATING
  YESTERDAY        9                        10     -1       13
  MONTH TO DATE  436                       299    137      159
  SINCE MAR 1   1237                      1006    231      810
  SINCE JUL 1   5204                      5149     55     4094

 COOLING
  YESTERDAY        0                         1     -1        0
  MONTH TO DATE    6                         5      1       22
  SINCE MAR 1      6                         7     -1       24
  SINCE JAN 1     11                         7      4       24
..................................................................


WIND (MPH)
  HIGHEST WIND SPEED    20   HIGHEST WIND DIRECTION     E (70)
  HIGHEST GUST SPEED    23   HIGHEST GUST DIRECTION     E (80)
  AVERAGE WIND SPEED    12.3


SKY COVER
  AVERAGE SKY COVER 1.0


WEATHER CONDITIONS
 THE FOLLOWING WEATHER WAS RECORDED YESTERDAY.
  NO SIGNIFICANT WEATHER WAS OBSERVED.


RELATIVE HUMIDITY (PERCENT)
 HIGHEST    45           500 AM
 LOWEST     19           600 PM
 AVERAGE    32

..........................................................


THE INDIANAPOLIS IN CLIMATE NORMALS FOR TODAY
                         NORMAL    RECORD    YEAR
 MAXIMUM TEMPERATURE (F)   66        88      1925
 MINIMUM TEMPERATURE (F)   45        26      1986


SUNRISE AND SUNSET
APRIL 23 2018.........SUNRISE   656 AM EDT   SUNSET   831 PM EDT
APRIL 24 2018.........SUNRISE   655 AM EDT   SUNSET   832 PM EDT


-  INDICATES NEGATIVE NUMBERS.
R  INDICATES RECORD WAS SET OR TIED.
MM INDICATES DATA IS MISSING.
T  INDICATES TRACE AMOUNT.




$$
