792
CDUS45 KFGZ 210739
CLIINW


CLIMATE REPORT
NATIONAL WEATHER SERVICE FLAGSTAFF, AZ
1239 AM MST SAT APR 21 2018


...................................

...THE WINSLOW AZ AIRPORT CLIMATE SUMMARY FOR APRIL 20 2018...

CLIMATE NORMAL PERIOD 1981 TO 2010
CLIMATE RECORD PERIOD 1915 TO 2018


WEATHER ITEM   OBSERVED TIME   RECORD YEAR NORMAL DEPARTURE LAST
                VALUE   (LST)  VALUE       VALUE  FROM      YEAR
                                                  NORMAL
..................................................................
TEMPERATURE (F)
 YESTERDAY
  MAXIMUM         59    139 PM  90    1965  73    -14       81
  MINIMUM         33    510 AM  22    1967  38     -5       40
  AVERAGE         46                        56    -10       61

PRECIPITATION (IN)
  YESTERDAY        0.08          0.40 1952   0.00   0.08     0.00
  MONTH TO DATE    0.08                      0.19  -0.11     0.11
  SINCE SEP 1      0.54                      4.19  -3.65     4.82
  SINCE JAN 1      0.31                      1.71  -1.40     1.74

DEGREE DAYS
 HEATING
  YESTERDAY       19                        10      9        4
  MONTH TO DATE  167                       247    -80      201
  SINCE JUL 1   3760                      4300   -540     3407

 COOLING
  YESTERDAY        0                         0      0        0
  MONTH TO DATE    7                         0      7        0
  SINCE JAN 1      7                         0      7        0
..................................................................


WIND (MPH)
  HIGHEST WIND SPEED    30   HIGHEST WIND DIRECTION     W (270)
  HIGHEST GUST SPEED    40   HIGHEST GUST DIRECTION     W (280)
  AVERAGE WIND SPEED    12.8


SKY COVER
  POSSIBLE SUNSHINE  MM
  AVERAGE SKY COVER 0.4


WEATHER CONDITIONS
 THE FOLLOWING WEATHER WAS RECORDED YESTERDAY.
  HEAVY RAIN
  RAIN
  LIGHT RAIN
  FOG


RELATIVE HUMIDITY (PERCENT)
 HIGHEST    92           800 PM
 LOWEST     25          1100 AM
 AVERAGE    59

..........................................................


THE WINSLOW AZ AIRPORT CLIMATE NORMALS FOR TODAY
                         NORMAL    RECORD    YEAR
 MAXIMUM TEMPERATURE (F)   73        89      1989
                                             1965
                                             1930
 MINIMUM TEMPERATURE (F)   38        22      1977


SUNRISE AND SUNSET
APRIL 21 2018.........SUNRISE   543 AM MST   SUNSET   700 PM MST
APRIL 22 2018.........SUNRISE   542 AM MST   SUNSET   701 PM MST


-  INDICATES NEGATIVE NUMBERS.
R  INDICATES RECORD WAS SET OR TIED.
MM INDICATES DATA IS MISSING.
T  INDICATES TRACE AMOUNT.




$$
