000
CDUS43 KGLD 240105 RRA
CLIITR

CLIMATE REPORT
NATIONAL WEATHER SERVICE GOODLAND
702 PM MDT WED MAY 23 2018
...................................

...THE BURLINGTON CO CLIMATE SUMMARY FOR MAY 23 2018...
VALID TODAY AS OF 0600 PM LOCAL TIME.

CLIMATE NORMAL PERIOD 1981 TO 2010
CLIMATE RECORD PERIOD 1896 TO 2018

WEATHER ITEM   OBSERVED TIME   RECORD YEAR NORMAL DEPARTURE LAST
                VALUE   (LST)  VALUE       VALUE  FROM      YEAR
                                                  NORMAL
..................................................................
TEMPERATURE (F)
 TODAY
  MAXIMUM         87    310 PM  94    1967  76     11       62
  MINIMUM         61    511 AM  33    1930  47     14       37
  AVERAGE         74                        61     13       50

PRECIPITATION (IN)
  TODAY            0.00                      0.09  -0.09     0.00
  MONTH TO DATE    0.67                      1.78  -1.11     4.31
  SINCE MAR 1      2.78                      4.13  -1.35    10.13
  SINCE JAN 1      4.34                      4.93  -0.59    10.69

..................................................................

THE BURLINGTON CO CLIMATE NORMALS FOR TOMORROW
                         NORMAL    RECORD    YEAR
 MAXIMUM TEMPERATURE (F)   76        95      1967
 MINIMUM TEMPERATURE (F)   47        32      2002

-  INDICATES NEGATIVE NUMBERS.
R  INDICATES RECORD WAS SET OR TIED.
MM INDICATES DATA IS MISSING.
T  INDICATES TRACE AMOUNT.

$$
