861
CDUS44 KMEG 200641
CLIJBR


CLIMATE REPORT
NATIONAL WEATHER SERVICE MEMPHIS TN
139 AM CDT FRI APR 20 2018


...................................

...THE JONESBORO CLIMATE SUMMARY FOR APRIL 19 2018...

CLIMATE NORMAL PERIOD 1981 TO 2010
CLIMATE RECORD PERIOD 1897 TO 2018


WEATHER ITEM   OBSERVED TIME   RECORD YEAR NORMAL DEPARTURE LAST
                VALUE   (LST)  VALUE       VALUE  FROM      YEAR
                                                  NORMAL
..................................................................
TEMPERATURE (F)
 YESTERDAY
  MAXIMUM         56    222 PM  88    1911  71    -15       84
  MINIMUM         42    622 AM  30    1983  51     -9       57
                                      1953
  AVERAGE         49                        61    -12       71

PRECIPITATION (IN)
  YESTERDAY        0.00          3.65 1966   0.17  -0.17      T
  MONTH TO DATE    2.61                      3.01  -0.40     1.10
  SINCE MAR 1      6.48                      7.51  -1.03     7.37
  SINCE JAN 1     23.13                     14.66   8.47    12.98

DEGREE DAYS
 HEATING
  YESTERDAY       16                         6     10        0
  MONTH TO DATE  274                       153    121       58
  SINCE MAR 1    672                       617     55      422
  SINCE JUL 1   3455                      3573   -118     2555

 COOLING
  YESTERDAY        0                         1     -1        6
  MONTH TO DATE    9                        19    -10       43
  SINCE MAR 1     11                        25    -14       49
  SINCE JAN 1     16                        25     -9       53
..................................................................


WIND (MPH)
  HIGHEST WIND SPEED    18   HIGHEST WIND DIRECTION     E (70)
  HIGHEST GUST SPEED    27   HIGHEST GUST DIRECTION    NW (330)
  AVERAGE WIND SPEED    10.2


SKY COVER
  POSSIBLE SUNSHINE  MM
  AVERAGE SKY COVER 0.1


WEATHER CONDITIONS
 THE FOLLOWING WEATHER WAS RECORDED YESTERDAY.
  NO SIGNIFICANT WEATHER WAS OBSERVED.


RELATIVE HUMIDITY (PERCENT)
 HIGHEST    76           900 PM
 LOWEST     46           200 PM
 AVERAGE    61

..........................................................


THE JONESBORO CLIMATE NORMALS FOR TODAY
                         NORMAL    RECORD    YEAR
 MAXIMUM TEMPERATURE (F)   72        93      1987
 MINIMUM TEMPERATURE (F)   51        34      1953
                                             1926


SUNRISE AND SUNSET
APRIL 20 2018.........SUNRISE   623 AM CDT   SUNSET   740 PM CDT
APRIL 21 2018.........SUNRISE   622 AM CDT   SUNSET   741 PM CDT


-  INDICATES NEGATIVE NUMBERS.
R  INDICATES RECORD WAS SET OR TIED.
MM INDICATES DATA IS MISSING.
T  INDICATES TRACE AMOUNT.




$$
