000
CDUS45 KVEF 260827
CLILAS


CLIMATE REPORT
NATIONAL WEATHER SERVICE LAS VEGAS, NV
127 AM PDT THU APR 26 2018


...................................

...THE LAS VEGAS NV CLIMATE SUMMARY FOR APRIL 25 2018...

CLIMATE NORMAL PERIOD 1981 TO 2010
CLIMATE RECORD PERIOD 1937 TO 2018


WEATHER ITEM   OBSERVED TIME   RECORD YEAR NORMAL DEPARTURE LAST
                VALUE   (LST)  VALUE       VALUE  FROM      YEAR
                                                  NORMAL
..................................................................
TEMPERATURE (F)
 YESTERDAY
  MAXIMUM         93    500 PM  96    1946  81     12       79
  MINIMUM         71    541 AM  37    1960  59     12       64
  AVERAGE         82                        70     12       72

PRECIPITATION (IN)
  YESTERDAY        0.00          0.26 2015   0.00   0.00     0.00
  MONTH TO DATE    0.00                      0.13  -0.13     0.04
  SINCE OCT 1      1.74                      3.00  -1.26     2.57
  SINCE JAN 1      1.74                      1.87  -0.13     1.51

SNOWFALL (IN)
  YESTERDAY        0.0           0.0    MM   0.0    0.0      0.0
  MONTH TO DATE    0.0                       0.0    0.0      0.0
  SINCE MAR 1      0.0                       0.0    0.0      0.0
  SINCE JUL 1      0.0                       0.3   -0.3      0.0
  SNOW DEPTH       0

DEGREE DAYS
 HEATING
  YESTERDAY        0                         1     -1        0
  MONTH TO DATE   11                        59    -48        9
  SINCE MAR 1    182                       248    -66       91
  SINCE JUL 1   1301                      1939   -638     1463

 COOLING
  YESTERDAY       17                         6     11        7
  MONTH TO DATE  182                        93     89      136
  SINCE MAR 1    201                       123     78      244
  SINCE JAN 1    201                       124     77      247
..................................................................


WIND (MPH)
  RESULTANT WIND SPEED   4   RESULTANT WIND DIRECTION  NE (60)
  HIGHEST WIND SPEED    13   HIGHEST WIND DIRECTION    NE (60)
  HIGHEST GUST SPEED    17   HIGHEST GUST DIRECTION     N (10)
  AVERAGE WIND SPEED     5.0


SKY COVER
  POSSIBLE SUNSHINE  MM
  AVERAGE SKY COVER 0.4


WEATHER CONDITIONS
 THE FOLLOWING WEATHER WAS RECORDED YESTERDAY.
  NO SIGNIFICANT WEATHER WAS OBSERVED.


RELATIVE HUMIDITY (PERCENT)
 HIGHEST    18           100 AM
 LOWEST      8           300 PM
 AVERAGE    13

..........................................................


THE LAS VEGAS NV CLIMATE NORMALS FOR TODAY
                         NORMAL    RECORD    YEAR
 MAXIMUM TEMPERATURE (F)   82        97      1996
 MINIMUM TEMPERATURE (F)   59        42      1967
                                             1937


SUNRISE AND SUNSET
APRIL 26 2018.........SUNRISE   554 AM PDT   SUNSET   724 PM PDT
APRIL 27 2018.........SUNRISE   552 AM PDT   SUNSET   725 PM PDT


-  INDICATES NEGATIVE NUMBERS.
R  INDICATES RECORD WAS SET OR TIED.
MM INDICATES DATA IS MISSING.
T  INDICATES TRACE AMOUNT.




$$
