000
CDUS44 KLCH 241245
CLILCH


CLIMATE REPORT
NATIONAL WEATHER SERVICE LAKE CHARLES, LA
745 AM CDT TUE APR 24 2018


...................................

...THE LAKE CHARLES CLIMATE SUMMARY FOR APRIL 23 2018...

CLIMATE NORMAL PERIOD 1981 TO 2010
CLIMATE RECORD PERIOD 1895 TO 2018


WEATHER ITEM   OBSERVED TIME   RECORD YEAR NORMAL DEPARTURE LAST
                VALUE   (LST)  VALUE       VALUE  FROM      YEAR
                                                  NORMAL
..................................................................
TEMPERATURE (F)
 YESTERDAY
  MAXIMUM         77    511 PM  90    1971  79     -2       70
                                      1906
  MINIMUM         53    501 AM  44    1917  60     -7       52
  AVERAGE         65                        70     -5       61

PRECIPITATION (IN)
  YESTERDAY        0.00          3.33 1952   0.11  -0.11      T
  MONTH TO DATE    3.36                      2.50   0.86     2.51
  SINCE MAR 1      5.79                      6.16  -0.37     6.62
  SINCE JAN 1     18.38                     14.85   3.53    13.57

SNOWFALL (IN)
  YESTERDAY        0.0           0.0    MM   0.0    0.0      0.0
  MONTH TO DATE    0.0                       0.0    0.0      0.0
  SINCE MAR 1      0.0                       0.0    0.0      0.0
  SINCE JUL 1      2.2                       0.1    2.1       T
  SNOW DEPTH       0

DEGREE DAYS
 HEATING
  YESTERDAY        0                         1     -1        4
  MONTH TO DATE   57                        42     15        7
  SINCE MAR 1    143                       204    -61       84
  SINCE JUL 1   1299                      1486   -187      742

 COOLING
  YESTERDAY        0                         6     -6        0
  MONTH TO DATE   55                        93    -38      134
  SINCE MAR 1    158                       142     16      242
  SINCE JAN 1    260                       165     95      373
..................................................................


WIND (MPH)
  HIGHEST WIND SPEED    16   HIGHEST WIND DIRECTION     W (290)
  HIGHEST GUST SPEED    22   HIGHEST GUST DIRECTION     W (290)
  AVERAGE WIND SPEED     6.4


SKY COVER
  POSSIBLE SUNSHINE  MM
  AVERAGE SKY COVER 0.1


WEATHER CONDITIONS
 THE FOLLOWING WEATHER WAS RECORDED YESTERDAY.
  NO SIGNIFICANT WEATHER WAS OBSERVED.


RELATIVE HUMIDITY (PERCENT)
 HIGHEST   100           100 AM
 LOWEST     43           300 PM
 AVERAGE    72

..........................................................


THE LAKE CHARLES CLIMATE NORMALS FOR TODAY
                         NORMAL    RECORD    YEAR
 MAXIMUM TEMPERATURE (F)   80        88      1958
 MINIMUM TEMPERATURE (F)   61        37      1910


SUNRISE AND SUNSET
APRIL 24 2018.........SUNRISE   636 AM CDT   SUNSET   746 PM CDT
APRIL 25 2018.........SUNRISE   635 AM CDT   SUNSET   747 PM CDT


-  INDICATES NEGATIVE NUMBERS.
R  INDICATES RECORD WAS SET OR TIED.
MM INDICATES DATA IS MISSING.
T  INDICATES TRACE AMOUNT.




$$
