000
CDUS43 KLMK 250627
CLILEX


CLIMATE REPORT
NATIONAL WEATHER SERVICE LOUISVILLE KY
226 AM EDT FRI MAY 25 2018


...................................

...THE LEXINGTON KY CLIMATE SUMMARY FOR MAY 24 2018...

CLIMATE NORMAL PERIOD 1981 TO 2010
CLIMATE RECORD PERIOD 1872 TO 2018


WEATHER ITEM   OBSERVED TIME   RECORD YEAR NORMAL DEPARTURE LAST
                VALUE   (LST)  VALUE       VALUE  FROM      YEAR
                                                  NORMAL
..................................................................
TEMPERATURE (F)
 YESTERDAY
  MAXIMUM         83    503 PM  93    1939  77      6       70
  MINIMUM         59    522 AM  37    1925  56      3       57
  AVERAGE         71                        66      5       64

PRECIPITATION (IN)
  YESTERDAY        0.00          1.95 1966   0.16  -0.16     0.42
  MONTH TO DATE    6.20                      4.03   2.17     4.72
  SINCE MAR 1     15.86                     11.70   4.16     9.84
  SINCE JAN 1     28.08                     18.10   9.98    17.94

SNOWFALL (IN)
  YESTERDAY        0.0          MM      MM   0.0    0.0      0.0
  MONTH TO DATE    0.0                       0.0    0.0      0.0
  SINCE MAR 1     13.6                       1.7   11.9       T
  SINCE JUL 1     21.2                      13.0    8.2      3.4
  SNOW DEPTH       0

DEGREE DAYS
 HEATING
  YESTERDAY        0                         2     -2        1
  MONTH TO DATE    6                        99    -93       94
  SINCE MAR 1   1104                      1017     87      756
  SINCE JUL 1   4416                      4588   -172     3466

 COOLING
  YESTERDAY        6                         4      2        0
  MONTH TO DATE  178                        53    125       87
  SINCE MAR 1    186                        75    111      158
  SINCE JAN 1    193                        75    118      162
..................................................................


WIND (MPH)
  HIGHEST WIND SPEED    13   HIGHEST WIND DIRECTION     E (70)
  HIGHEST GUST SPEED    17   HIGHEST GUST DIRECTION     E (90)
  AVERAGE WIND SPEED     6.8


SKY COVER
  POSSIBLE SUNSHINE  MM
  AVERAGE SKY COVER 0.0


WEATHER CONDITIONS
 THE FOLLOWING WEATHER WAS RECORDED YESTERDAY.
  NO SIGNIFICANT WEATHER WAS OBSERVED.


RELATIVE HUMIDITY (PERCENT)
 HIGHEST    84           600 AM
 LOWEST     40           500 PM
 AVERAGE    62

..........................................................


THE LEXINGTON KY CLIMATE NORMALS FOR TODAY
                         NORMAL    RECORD    YEAR
 MAXIMUM TEMPERATURE (F)   77        91      1953
 MINIMUM TEMPERATURE (F)   57        36      1925


SUNRISE AND SUNSET
MAY 25 2018...........SUNRISE   621 AM EDT   SUNSET   850 PM EDT
MAY 26 2018...........SUNRISE   620 AM EDT   SUNSET   851 PM EDT


-  INDICATES NEGATIVE NUMBERS.
R  INDICATES RECORD WAS SET OR TIED.
MM INDICATES DATA IS MISSING.
T  INDICATES TRACE AMOUNT.




$$
