000
CDUS44 KSHV 220755
CLILFK


CLIMATE REPORT
NATIONAL WEATHER SERVICE SHREVEPORT, LA
254 AM CDT SUN APR 22 2018


...................................

...THE LUFKIN CLIMATE SUMMARY FOR APRIL 21 2018...

CLIMATE NORMAL PERIOD 1981 TO 2010
CLIMATE RECORD PERIOD 1906 TO 2018


WEATHER ITEM   OBSERVED TIME   RECORD YEAR NORMAL DEPARTURE LAST
                VALUE   (LST)  VALUE       VALUE  FROM      YEAR
                                                  NORMAL
..................................................................
TEMPERATURE (F)
 YESTERDAY
  MAXIMUM         76   1252 PM  91    2011  79     -3       84
  MINIMUM         53    423 AM  37    1918  56     -3       67
  AVERAGE         65                        68     -3       76

PRECIPITATION (IN)
  YESTERDAY        0.29          1.40 1921   0.11   0.18      T
  MONTH TO DATE    2.83                      2.08   0.75     5.36
  SINCE DEC 1     23.29                     18.35   4.94    20.24
  SINCE JAN 1     19.68                     13.91   5.77    15.33

SNOWFALL (IN)
  YESTERDAY        0.0
  MONTH TO DATE    0.0
  SINCE MAR 1      0.0
  SINCE JUL 1      1.1
  SNOW DEPTH       0

DEGREE DAYS
 HEATING
  YESTERDAY        0                         2     -2        0
  MONTH TO DATE   98                        61     37       20
  SINCE MAR 1    217                       271    -54      143
  SINCE JUL 1   1837                      1905    -68     1119

 COOLING
  YESTERDAY        0                         4     -4       11
  MONTH TO DATE   43                        70    -27       98
  SINCE MAR 1    132                       111     21      192
  SINCE JAN 1    175                       130     45      274
..................................................................


WIND (MPH)
  HIGHEST WIND SPEED    20   HIGHEST WIND DIRECTION    SE (140)
  HIGHEST GUST SPEED    24   HIGHEST GUST DIRECTION    SE (150)
  AVERAGE WIND SPEED     8.8


SKY COVER
  POSSIBLE SUNSHINE  MM
  AVERAGE SKY COVER 0.7


WEATHER CONDITIONS
 THE FOLLOWING WEATHER WAS RECORDED YESTERDAY.
  THUNDERSTORM
  RAIN
  LIGHT RAIN
  FOG


RELATIVE HUMIDITY (PERCENT)
 HIGHEST    93           500 PM
 LOWEST     55          1100 AM
 AVERAGE    74

..........................................................


THE LUFKIN CLIMATE NORMALS FOR TODAY
                         NORMAL    RECORD    YEAR
 MAXIMUM TEMPERATURE (F)   80        91      2011
 MINIMUM TEMPERATURE (F)   57        36      1931


SUNRISE AND SUNSET
APRIL 22 2018.........SUNRISE   643 AM CDT   SUNSET   752 PM CDT
APRIL 23 2018.........SUNRISE   642 AM CDT   SUNSET   753 PM CDT


-  INDICATES NEGATIVE NUMBERS.
R  INDICATES RECORD WAS SET OR TIED.
MM INDICATES DATA IS MISSING.
T  INDICATES TRACE AMOUNT.




$$
