000
CDUS41 KOKX 252039
CLILGA


CLIMATE REPORT
NATIONAL WEATHER SERVICE NEW YORK NY
439 PM EDT WED APR 25 2018


...................................

...THE LAGUARDIA NY CLIMATE SUMMARY FOR APRIL 25 2018...
VALID TODAY AS OF 0400 PM LOCAL TIME.

CLIMATE NORMAL PERIOD 1981 TO 2010
CLIMATE RECORD PERIOD 1939 TO 2018


WEATHER ITEM   OBSERVED TIME   RECORD YEAR NORMAL DEPARTURE LAST
                VALUE   (LST)  VALUE       VALUE  FROM      YEAR
                                                  NORMAL
..................................................................
TEMPERATURE (F)
 TODAY
  MAXIMUM         61    106 PM  88    2009  64     -3       57
                                      1960
  MINIMUM         50    202 AM  36    1971  48      2       50
  AVERAGE         56                        56      0       54

PRECIPITATION (IN)
  TODAY            0.48          1.50 2010   0.12   0.36     0.64
  MONTH TO DATE    4.55                      3.38   1.17     3.74
  SINCE MAR 1      8.63                      7.35   1.28     8.43
  SINCE JAN 1     16.69                     13.28   3.41    14.43

SNOWFALL (IN)
  TODAY            0.0           T    1971   0.0    0.0      0.0
  MONTH TO DATE    5.5                       0.5    5.0      0.0
  SINCE OCT 1     38.4                      26.9   11.5     33.2
  SINCE JUL 1     38.4                      26.9   11.5     33.2
  SNOW DEPTH       0

DEGREE DAYS
 HEATING
  TODAY            9                         9      0       11
  MONTH TO DATE  417                       335     82      233
  SINCE MAR 1   1161                      1042    119      968
  SINCE JUL 1   4294                      4471   -177     3655

 COOLING
  TODAY            0                         0      0        0
  MONTH TO DATE    6                         0      6       14
  SINCE MAR 1      6                         0      6       14
  SINCE JAN 1      6                         0      6       14
..................................................................


WIND (MPH)
  HIGHEST WIND SPEED    22   HIGHEST WIND DIRECTION    SE (130)
  HIGHEST GUST SPEED    31   HIGHEST GUST DIRECTION    SE (120)
  AVERAGE WIND SPEED    12.4


SKY COVER
  AVERAGE SKY COVER 1.0


WEATHER CONDITIONS
 THE FOLLOWING WEATHER WAS RECORDED TODAY.
  RAIN
  LIGHT RAIN
  FOG


RELATIVE HUMIDITY (PERCENT)
 HIGHEST    96           700 AM
 LOWEST     86          1200 AM
 AVERAGE    91

..........................................................


THE LAGUARDIA NY CLIMATE NORMALS FOR TOMORROW
                         NORMAL    RECORD    YEAR
 MAXIMUM TEMPERATURE (F)   65        91      2009
 MINIMUM TEMPERATURE (F)   48        37      1972


SUNRISE AND SUNSET
APRIL 25 2018.........SUNRISE   602 AM EDT   SUNSET   746 PM EDT
APRIL 26 2018.........SUNRISE   601 AM EDT   SUNSET   747 PM EDT


-  INDICATES NEGATIVE NUMBERS.
R  INDICATES RECORD WAS SET OR TIED.
MM INDICATES DATA IS MISSING.
T  INDICATES TRACE AMOUNT.




$$
