000
CDUS46 KLOX 210112
CLILGB


CLIMATE REPORT
NATIONAL WEATHER SERVICE LOS ANGELES/OXNARD CA
611 PM PDT SUN MAY 20 2018


...................................

...THE LONG BEACH AIRPORT CA CLIMATE SUMMARY FOR MAY 20 2018...
VALID TODAY AS OF 0600 PM LOCAL TIME.

CLIMATE NORMAL PERIOD 1981 TO 2010
CLIMATE RECORD PERIOD 1958 TO 2018


WEATHER ITEM   OBSERVED TIME   RECORD YEAR NORMAL DEPARTURE LAST
                VALUE   (LST)  VALUE       VALUE  FROM      YEAR
                                                  NORMAL
..................................................................
TEMPERATURE (F)
 TODAY
  MAXIMUM         70    215 PM  93    2017  74     -4       93
  MINIMUM         61    526 AM  49    1974  58      3       61
  AVERAGE         66                        66      0       77

PRECIPITATION (IN)
  TODAY            0.00          0.09 2002   0.01  -0.01     0.00
  MONTH TO DATE    0.01                      0.16  -0.15     0.40
  SINCE OCT 1      3.53                     11.90  -8.37    19.98
  SINCE JAN 1      3.46                      8.32  -4.86    14.78

SNOWFALL (IN)
  TODAY            0.0
  MONTH TO DATE    0.0
  SINCE MAR 1      0.0
  SINCE JUL 1      0.0

DEGREE DAYS
 HEATING
  TODAY            0                         1     -1        0
  MONTH TO DATE   23                        29     -6       34
  SINCE MAR 1    186                       314   -128      133
  SINCE JUL 1    610                      1205   -595      911

 COOLING
  TODAY            1                         2     -1       12
  MONTH TO DATE   30                        40    -10       45
  SINCE MAR 1     77                        79     -2      135
  SINCE JAN 1    117                        87     30      136
..................................................................


WIND (MPH)
  HIGHEST WIND SPEED    13   HIGHEST WIND DIRECTION    NW (310)
  HIGHEST GUST SPEED    16   HIGHEST GUST DIRECTION     S (170)
  AVERAGE WIND SPEED     4.7


SKY COVER
  POSSIBLE SUNSHINE  MM
  AVERAGE SKY COVER 0.9


WEATHER CONDITIONS
 THE FOLLOWING WEATHER WAS RECORDED TODAY.
  NO SIGNIFICANT WEATHER WAS OBSERVED.


RELATIVE HUMIDITY (PERCENT)
 HIGHEST    78          1200 AM
 LOWEST     57           200 PM
 AVERAGE    68

..........................................................


THE LONG BEACH AIRPORT CA CLIMATE NORMALS FOR TOMORROW
                         NORMAL    RECORD    YEAR
 MAXIMUM TEMPERATURE (F)   74        87      2017
                                             2003
 MINIMUM TEMPERATURE (F)   58        48      1962


SUNRISE AND SUNSET
MAY 20 2018...........SUNRISE   548 AM PDT   SUNSET   750 PM PDT
MAY 21 2018...........SUNRISE   548 AM PDT   SUNSET   751 PM PDT


-  INDICATES NEGATIVE NUMBERS.
R  INDICATES RECORD WAS SET OR TIED.
MM INDICATES DATA IS MISSING.
T  INDICATES TRACE AMOUNT.




$$
