000
CDHW41 PHFO 211245
CLILIH


CLIMATE REPORT
NATIONAL WEATHER SERVICE HONOLULU HI
245 AM HST MON MAY 21 2018


...................................

...THE LIHUE HI CLIMATE SUMMARY FOR MAY 20 2018...

CLIMATE NORMAL PERIOD 1981 TO 2010
CLIMATE RECORD PERIOD 1946 TO 2018


WEATHER ITEM   OBSERVED TIME   RECORD YEAR NORMAL DEPARTURE LAST
                VALUE   (LST)  VALUE       VALUE  FROM      YEAR
                                                  NORMAL
..................................................................
TEMPERATURE (F)
 YESTERDAY
  MAXIMUM         82   1234 PM  86    2004  82      0       84
  MINIMUM         74   1159 PM  60    2013  71      3       68
  AVERAGE         78                        76      2       76

PRECIPITATION (IN)
  YESTERDAY        0.02          0.87 1967   0.06  -0.04     0.01
  MONTH TO DATE    1.23                      1.48  -0.25     0.56
  SINCE MAR 1     15.96                      8.34   7.62     7.06
  SINCE JAN 1     24.99                     15.25   9.74    13.54

SNOWFALL (IN)
  YESTERDAY        0.0
  MONTH TO DATE    0.0
  SINCE MAR 1      0.0
  SINCE JUL 1      0.0
  SNOW DEPTH      MM

DEGREE DAYS
 HEATING
  YESTERDAY        0                         0      0        0
  MONTH TO DATE    0                         0      0        0
  SINCE MAR 1      0                         0      0        0
  SINCE JUL 1      0                         0      0        0

 COOLING
  YESTERDAY       13                        11      2       11
  MONTH TO DATE  202                       207     -5      266
  SINCE MAR 1    737                       716     21      887
  SINCE JAN 1   1188                      1111     77     1328
..................................................................


WIND (MPH)
  HIGHEST WIND SPEED    22   HIGHEST WIND DIRECTION    NE (50)
  HIGHEST GUST SPEED    28   HIGHEST GUST DIRECTION    NE (50)
  AVERAGE WIND SPEED    17.4


SKY COVER
  POSSIBLE SUNSHINE  MM
  AVERAGE SKY COVER  MM


WEATHER CONDITIONS
 THE FOLLOWING WEATHER WAS RECORDED YESTERDAY.
  FOG


RELATIVE HUMIDITY (PERCENT)
 HIGHEST    MM
 LOWEST     MM
 AVERAGE    MM

..........................................................


THE LIHUE HI CLIMATE NORMALS FOR TODAY
                         NORMAL    RECORD    YEAR
 MAXIMUM TEMPERATURE (F)   82        86      2004
 MINIMUM TEMPERATURE (F)   71        61      2009
                                             1985


SUNRISE AND SUNSET
MAY 21 2018...........SUNRISE   556 AM HST   SUNSET   712 PM HST
MAY 22 2018...........SUNRISE   556 AM HST   SUNSET   713 PM HST


-  INDICATES NEGATIVE NUMBERS.
R  INDICATES RECORD WAS SET OR TIED.
MM INDICATES DATA IS MISSING.
T  INDICATES TRACE AMOUNT.




$$
