000
CDUS46 KMFR 200836
CLILMT


CLIMATE REPORT
NATIONAL WEATHER SERVICE MEDFORD, OR
135 AM PDT FRI APR 20 2018


...................................

...THE KLAMATH FALLS OR CLIMATE SUMMARY FOR APRIL 19 2018...

CLIMATE NORMAL PERIOD 1981 TO 2010
CLIMATE RECORD PERIOD 1928 TO 2018


WEATHER ITEM   OBSERVED TIME   RECORD YEAR NORMAL DEPARTURE LAST
                VALUE   (LST)  VALUE       VALUE  FROM      YEAR
                                                  NORMAL
..................................................................
TEMPERATURE (F)
 YESTERDAY
  MAXIMUM         54    448 PM  78    2016  57     -3       56
                                      1950
  MINIMUM         30   1126 PM  18    1979  30      0       37
  AVERAGE         42                        44     -2       47

PRECIPITATION (IN)
  YESTERDAY        0.00          0.50 1981   0.05  -0.05     0.05
  MONTH TO DATE    1.24                      0.75   0.49     0.52
  SINCE OCT 1      5.92                     10.48  -4.56    10.36
  SINCE JAN 1      3.67                      5.79  -2.12     5.61

SNOWFALL (IN)
  YESTERDAY       MM                        MM     MM       MM
  MONTH TO DATE   MM                        MM     MM       MM
  SINCE JUL 1     MM                        MM     MM       MM
  SNOW DEPTH      MM

DEGREE DAYS
 HEATING
  YESTERDAY       23                        21      2       18
  MONTH TO DATE  438                       443     -5      436
  SINCE MAR 1   1295                      1264     31     1143
  SINCE JUL 1   5724                      6105   -381     5981

 COOLING
  YESTERDAY        0                         0      0        0
  MONTH TO DATE    0                         0      0        0
  SINCE MAR 1      0                         0      0        0
  SINCE JAN 1      0                         0      0        0
..................................................................


WIND (MPH)
  HIGHEST WIND SPEED    21   HIGHEST WIND DIRECTION     N (340)
  HIGHEST GUST SPEED    27   HIGHEST GUST DIRECTION    NW (330)
  AVERAGE WIND SPEED     8.9


SKY COVER
  POSSIBLE SUNSHINE  MM
  AVERAGE SKY COVER 0.5


WEATHER CONDITIONS
 THE FOLLOWING WEATHER WAS RECORDED YESTERDAY.
  NO SIGNIFICANT WEATHER WAS OBSERVED.


RELATIVE HUMIDITY (PERCENT)
 HIGHEST    96          1200 AM
 LOWEST     46           500 PM

..........................................................


THE KLAMATH FALLS OR CLIMATE NORMALS FOR TODAY
                         NORMAL    RECORD    YEAR
 MAXIMUM TEMPERATURE (F)   58        81      2009
 MINIMUM TEMPERATURE (F)   31        15      1970


SUNRISE AND SUNSET
APRIL 20 2018.........SUNRISE   618 AM PDT   SUNSET   754 PM PDT
APRIL 21 2018.........SUNRISE   617 AM PDT   SUNSET   755 PM PDT


-  INDICATES NEGATIVE NUMBERS.
R  INDICATES RECORD WAS SET OR TIED.
MM INDICATES DATA IS MISSING.
T  INDICATES TRACE AMOUNT.




$$
