000
CDUS43 KOAX 240622
CLILNK


CLIMATE REPORT
NATIONAL WEATHER SERVICE OMAHA NEBRASKA
120 AM CDT THU MAY 24 2018


...................................

...THE LINCOLN, NEBRASKA CLIMATE SUMMARY FOR MAY 23 2018...

CLIMATE NORMAL PERIOD 1981 TO 2010
CLIMATE RECORD PERIOD 1887 TO 2018


WEATHER ITEM   OBSERVED TIME   RECORD YEAR NORMAL DEPARTURE LAST
                VALUE   (LST)  VALUE       VALUE  FROM      YEAR
                                                  NORMAL
..................................................................
TEMPERATURE (F)
 YESTERDAY
  MAXIMUM         91    315 PM  94    2012  76     15       61
                                      1939
  MINIMUM         66    531 AM  39    1893  53     13       50
  AVERAGE         79                        65     14       56

PRECIPITATION (IN)
  YESTERDAY        0.00          1.45 1948   0.13  -0.13      T
  MONTH TO DATE    1.39                      3.19  -1.80     5.87
  SINCE MAR 1      4.77                      7.83  -3.06    11.04
  SINCE JAN 1      5.92                      9.24  -3.32    12.69

SNOWFALL (IN)
  YESTERDAY        0.0                       0.0    0.0      0.0
  MONTH TO DATE    0.0                       0.1   -0.1       T
  SINCE JUL 1     21.4                      26.0   -4.6      7.5
  SNOW DEPTH       0

DEGREE DAYS
 HEATING
  YESTERDAY        0                         3     -3        9
  MONTH TO DATE   44                       130    -86      119
  SINCE MAR 1   1400                      1320     80     1123
  SINCE JUL 1   5999                      6023    -24     5006

 COOLING
  YESTERDAY       14                         3     11        0
  MONTH TO DATE   81                        37     44       58
  SINCE MAR 1     89                        51     38       71
  SINCE JAN 1     89                        51     38       71
..................................................................


WIND (MPH)
  HIGHEST WIND SPEED    23   HIGHEST WIND DIRECTION     S (180)
  HIGHEST GUST SPEED    31   HIGHEST GUST DIRECTION     S (160)
  AVERAGE WIND SPEED    12.1


SKY COVER
  POSSIBLE SUNSHINE  MM
  AVERAGE SKY COVER 0.1


WEATHER CONDITIONS
 THE FOLLOWING WEATHER WAS RECORDED YESTERDAY.
  NO SIGNIFICANT WEATHER WAS OBSERVED.


RELATIVE HUMIDITY (PERCENT)
 HIGHEST    87           200 AM
 LOWEST     36           500 PM
 AVERAGE    62

..........................................................


THE LINCOLN, NEBRASKA CLIMATE NORMALS FOR TODAY
                         NORMAL    RECORD    YEAR
 MAXIMUM TEMPERATURE (F)   77       100      1967
 MINIMUM TEMPERATURE (F)   53        34      1924
                                             1897


SUNRISE AND SUNSET
MAY 24 2018...........SUNRISE   602 AM CDT   SUNSET   846 PM CDT
MAY 25 2018...........SUNRISE   601 AM CDT   SUNSET   847 PM CDT


-  INDICATES NEGATIVE NUMBERS.
R  INDICATES RECORD WAS SET OR TIED.
MM INDICATES DATA IS MISSING.
T  INDICATES TRACE AMOUNT.

$$

BCM
