000
CDUS46 KMTR 260027
CLILVK


CLIMATE REPORT
NATIONAL WEATHER SERVICE SAN FRANCISCO BAY AREA
527 PM PDT WED APR 25 2018


...................................

...THE LIVERMORE AIRPORT CLIMATE SUMMARY FOR APRIL 25 2018...
VALID TODAY AS OF 0500 PM LOCAL TIME.

CLIMATE NORMAL PERIOD 1981 TO 2010
CLIMATE RECORD PERIOD 1930 TO 2018


WEATHER ITEM   OBSERVED TIME   RECORD YEAR NORMAL DEPARTURE LAST
                VALUE   (LST)  VALUE       VALUE  FROM      YEAR
                                                  NORMAL
..................................................................
TEMPERATURE (F)
 TODAY
  MAXIMUM         75    256 PM  92    2004  71      4       67
  MINIMUM         49    427 AM  32    1964  46      3       49
  AVERAGE         62                        59      3       58

PRECIPITATION (IN)
  TODAY            0.00          0.59 1994   0.02  -0.02     0.00
  MONTH TO DATE    1.61                      0.89   0.72     2.02
  SINCE OCT 1     11.28                     14.71  -3.43    25.35
  SINCE JAN 1      9.29                      9.13   0.16    18.89

DEGREE DAYS
 HEATING
  TODAY            3                         7     -4        7
  MONTH TO DATE  184                       228    -44      203
  SINCE MAR 1    575                       585    -10      478
  SINCE JUL 1   2301                      2592   -291     2337

 COOLING
  TODAY            0                         0      0        0
  MONTH TO DATE    4                         0      4        0
  SINCE MAR 1      4                         1      3        0
  SINCE JAN 1      4                         1      3        0
..................................................................


WIND (MPH)
  RESULTANT WIND SPEED   6   RESULTANT WIND DIRECTION   W (290)
  HIGHEST WIND SPEED    14   HIGHEST WIND DIRECTION     W (280)
  HIGHEST GUST SPEED    19   HIGHEST GUST DIRECTION    NW (300)
  AVERAGE WIND SPEED     6.9


SKY COVER
  POSSIBLE SUNSHINE  MM
  AVERAGE SKY COVER 0.3


WEATHER CONDITIONS
 THE FOLLOWING WEATHER WAS RECORDED TODAY.
  FOG


RELATIVE HUMIDITY (PERCENT)
 HIGHEST   100           300 AM
 LOWEST     43           300 PM
 AVERAGE    72

..........................................................


THE LIVERMORE AIRPORT CLIMATE NORMALS FOR TOMORROW
                         NORMAL    RECORD    YEAR
 MAXIMUM TEMPERATURE (F)   71        93      2004
 MINIMUM TEMPERATURE (F)   46        35      1975


SUNRISE AND SUNSET
APRIL 25 2018.........SUNRISE   619 AM PDT   SUNSET   752 PM PDT
APRIL 26 2018.........SUNRISE   618 AM PDT   SUNSET   753 PM PDT


-  INDICATES NEGATIVE NUMBERS.
R  INDICATES RECORD WAS SET OR TIED.
MM INDICATES DATA IS MISSING.
T  INDICATES TRACE AMOUNT.




$$
