000
CDUS45 KTFX 191012
CLILWT


CLIMATE REPORT
NATIONAL WEATHER SERVICE GREAT FALLS MT
410 AM MDT THU APR 19 2018


...................................

...THE LEWISTOWN MT CLIMATE SUMMARY FOR APRIL 18 2018...

CLIMATE NORMAL PERIOD 1981 TO 2010
CLIMATE RECORD PERIOD 1896 TO 2018


WEATHER ITEM   OBSERVED TIME   RECORD YEAR NORMAL DEPARTURE LAST
                VALUE   (LST)  VALUE       VALUE  FROM      YEAR
                                                  NORMAL
..................................................................
TEMPERATURE (F)
 YESTERDAY
  MAXIMUM         51    518 PM  81    1936  54     -3       63
  MINIMUM         26    458 AM   5    1951  30     -4       32
  AVERAGE         39                        42     -3       48

PRECIPITATION (IN)
  YESTERDAY        0.00          1.03 2005   0.04  -0.04     0.00
  MONTH TO DATE    1.31                      0.76   0.55     1.57
  SINCE OCT 1      6.03                      5.26   0.77     7.43
  SINCE JAN 1      4.03                      2.76   1.27     3.03

SNOWFALL (IN)
  YESTERDAY       MM
  SNOW DEPTH       0

DEGREE DAYS
 HEATING
  YESTERDAY       26                        23      3       17
  MONTH TO DATE  603                       454    149      419
  SINCE MAR 1   1701                      1449    252     1301
  SINCE JUL 1   7827                      7253    574     7112

 COOLING
  YESTERDAY        0                         0      0        0
  MONTH TO DATE    0                         0      0        0
  SINCE MAR 1      0                         0      0        0
  SINCE JAN 1      0                         0      0        0
..................................................................


WIND (MPH)
  HIGHEST WIND SPEED    16   HIGHEST WIND DIRECTION     E (90)
  HIGHEST GUST SPEED    20   HIGHEST GUST DIRECTION     E (90)
  AVERAGE WIND SPEED     8.8


SKY COVER
  AVERAGE SKY COVER 0.1


WEATHER CONDITIONS
 THE FOLLOWING WEATHER WAS RECORDED YESTERDAY.
  NO SIGNIFICANT WEATHER WAS OBSERVED.


RELATIVE HUMIDITY (PERCENT)
 HIGHEST    78           100 AM
 LOWEST     21           300 PM
 AVERAGE    50

..........................................................


THE LEWISTOWN MT CLIMATE NORMALS FOR TODAY
                         NORMAL    RECORD    YEAR
 MAXIMUM TEMPERATURE (F)   55        86      1910
 MINIMUM TEMPERATURE (F)   30         3      1951


SUNRISE AND SUNSET
APRIL 19 2018.........SUNRISE   622 AM MDT   SUNSET   812 PM MDT
APRIL 20 2018.........SUNRISE   621 AM MDT   SUNSET   814 PM MDT


-  INDICATES NEGATIVE NUMBERS.
R  INDICATES RECORD WAS SET OR TIED.
MM INDICATES DATA IS MISSING.
T  INDICATES TRACE AMOUNT.




$$
