000
CDUS42 KTAE 250631
CLIMAI


CLIMATE REPORT
NATIONAL WEATHER SERVICE TALLAHASSEE FL
231 AM EDT FRI MAY 25 2018


...................................

...THE MARIANNA CLIMATE SUMMARY FOR MAY 24 2018...

CLIMATE NORMAL PERIOD 1981 TO 2010
CLIMATE RECORD PERIOD 1950 TO 2018


WEATHER ITEM   OBSERVED NORMAL DEPARTURE LAST
                VALUE   VALUE  FROM      YEAR
                               NORMAL
...............................................
TEMPERATURE (F)
 YESTERDAY
  MAXIMUM         89     88      1       84
  MINIMUM         69     66      3       63
  AVERAGE         79     77      2       74

PRECIPITATION (IN)
  YESTERDAY        0.01   0.11  -0.10     0.22
  MONTH TO DATE    1.02   2.05  -1.03     3.93
  SINCE MAR 1      7.27  11.30  -4.03     8.05
  SINCE JAN 1     21.41  21.28   0.13    18.45

DEGREE DAYS
 HEATING
  YESTERDAY        0             0
  MONTH TO DATE    0             0
  SINCE MAR 1    226           -15
  SINCE JUL 1   1365          -281

 COOLING
  YESTERDAY       14             2
  MONTH TO DATE  297            75
  SINCE MAR 1    419            54
  SINCE JAN 1    527           147
...............................................


WIND (MPH)
  HIGHEST WIND SPEED    24   HIGHEST WIND DIRECTION    NW (320)
  HIGHEST GUST SPEED    31   HIGHEST GUST DIRECTION     W (290)
  AVERAGE WIND SPEED     3.8




RELATIVE HUMIDITY (PERCENT)
 HIGHEST   100
 LOWEST     56
 AVERAGE    78

..........................................................




SUNRISE AND SUNSET
MAY 25 2018...........SUNRISE   540 AM CDT   SUNSET   735 PM CDT
MAY 26 2018...........SUNRISE   540 AM CDT   SUNSET   736 PM CDT


-  INDICATES NEGATIVE NUMBERS.
R  INDICATES RECORD WAS SET OR TIED.
MM INDICATES DATA IS MISSING.
T  INDICATES TRACE AMOUNT.




$$
