000
CDUS44 KMEG 190642
CLIMEG


CLIMATE REPORT
NATIONAL WEATHER SERVICE MEMPHIS TN
141 AM CDT THU APR 19 2018


...................................

...THE MEMPHIS/GERMANTOWN WFO CLIMATE SUMMARY FOR APRIL 18 2018...

CLIMATE NORMAL PERIOD 1981 TO 2010
CLIMATE RECORD PERIOD 1988 TO 2018


WEATHER ITEM   OBSERVED TIME   RECORD YEAR NORMAL DEPARTURE LAST
                VALUE   (LST)  VALUE       VALUE  FROM      YEAR
                                                  NORMAL
..................................................................
TEMPERATURE (F)
 YESTERDAY
  MAXIMUM         79    415 PM  94    2006  73      6       79
  MINIMUM         56   1154 PM  34    1999  50      6       63
  AVERAGE         68                        61      7       71

PRECIPITATION (IN)
  YESTERDAY        0.00          2.23 2013   0.18  -0.18      T
  MONTH TO DATE    3.67                      3.07   0.60     1.23
  SINCE MAR 1      9.05                      8.02   1.03     5.96
  SINCE JAN 1     27.87                     16.65  11.22    11.17

SNOWFALL (IN)
  YESTERDAY        0.0          MM      MM                   0.0
  MONTH TO DATE    0.0                                       0.0
  SINCE MAR 1      0.0                                       0.4
  SINCE JUL 1      3.8                                       1.4
  SNOW DEPTH       0

DEGREE DAYS
 HEATING
  YESTERDAY        0                         6     -6        0
  MONTH TO DATE  213                       141     72       34
  SINCE MAR 1    575                       577     -2      341
  SINCE JUL 1   3129                      3323   -194     2182

 COOLING
  YESTERDAY        3                         2      1        6
  MONTH TO DATE   14                        26    -12       59
  SINCE MAR 1     16                        37    -21       92
  SINCE JAN 1     29                        38     -9      106
..................................................................



THE MEMPHIS/GERMANTOWN WFO CLIMATE NORMALS FOR TODAY
                         NORMAL    RECORD    YEAR
 MAXIMUM TEMPERATURE (F)   73        91      2006
 MINIMUM TEMPERATURE (F)   50        36      1997


SUNRISE AND SUNSET
APRIL 19 2018.........SUNRISE   622 AM CDT   SUNSET   735 PM CDT
APRIL 20 2018.........SUNRISE   621 AM CDT   SUNSET   736 PM CDT


-  INDICATES NEGATIVE NUMBERS.
R  INDICATES RECORD WAS SET OR TIED.
MM INDICATES DATA IS MISSING.
T  INDICATES TRACE AMOUNT.


$$
