000
CDUS44 KBMX 220843
CLIMGM


CLIMATE REPORT
NATIONAL WEATHER SERVICE BIRMINGHAM, AL
343 AM CDT TUE MAY 22 2018


...................................

...THE MONTGOMERY CLIMATE SUMMARY FOR MAY 21 2018...

CLIMATE NORMAL PERIOD 1981 TO 2010
CLIMATE RECORD PERIOD 1872 TO 2018


WEATHER ITEM   OBSERVED TIME   RECORD YEAR NORMAL DEPARTURE LAST
                VALUE   (LST)  VALUE       VALUE  FROM      YEAR
                                                  NORMAL
..................................................................
TEMPERATURE (F)
 YESTERDAY
  MAXIMUM         80    109 PM  97    1962  85     -5       85
  MINIMUM         67    259 AM  48    1894  62      5       69
  AVERAGE         74                        74      0       77

PRECIPITATION (IN)
  YESTERDAY        0.21          3.33 1880   0.11   0.10     0.13
  MONTH TO DATE    0.41                      2.43  -2.02    10.58
  SINCE MAR 1      7.55                     12.40  -4.85    17.06
  SINCE JAN 1     16.54                     22.33  -5.79    31.76

DEGREE DAYS
 COOLING
  YESTERDAY        9                         9      0       12
  MONTH TO DATE  217                       135     82      165
  SINCE MAR 1    282                       230     52      434
  SINCE JAN 1    347                       236    111      480
..................................................................


WIND (MPH)
  HIGHEST WIND SPEED    18   HIGHEST WIND DIRECTION     E (90)
  HIGHEST GUST SPEED    22   HIGHEST GUST DIRECTION     E (80)
  AVERAGE WIND SPEED     6.8


SKY COVER
  AVERAGE SKY COVER 0.7


WEATHER CONDITIONS
 THE FOLLOWING WEATHER WAS RECORDED YESTERDAY.
  THUNDERSTORM
  RAIN
  LIGHT RAIN
  FOG


RELATIVE HUMIDITY (PERCENT)
 HIGHEST   100           800 PM
 LOWEST     67           900 AM
 AVERAGE    84

..........................................................


THE MONTGOMERY CLIMATE NORMALS FOR TODAY
                         NORMAL    RECORD    YEAR
 MAXIMUM TEMPERATURE (F)   86        96      1962
 MINIMUM TEMPERATURE (F)   63        42      1993


SUNRISE AND SUNSET
MAY 22 2018...........SUNRISE   543 AM CDT   SUNSET   741 PM CDT
MAY 23 2018...........SUNRISE   543 AM CDT   SUNSET   742 PM CDT


-  INDICATES NEGATIVE NUMBERS.
R  INDICATES RECORD WAS SET OR TIED.
MM INDICATES DATA IS MISSING.
T  INDICATES TRACE AMOUNT.




$$
