000
CDUS46 KMFR 210036
CLIMHS


CLIMATE REPORT
NATIONAL WEATHER SERVICE MEDFORD, OR
536 PM PDT FRI APR 20 2018


...................................

...THE MT SHASTA CITY CA CLIMATE SUMMARY FOR APRIL 20 2018...
VALID TODAY AS OF 0500 PM LOCAL TIME.

CLIMATE NORMAL PERIOD 1981 TO 2010
CLIMATE RECORD PERIOD 1908 TO 2018


WEATHER ITEM   OBSERVED TIME   RECORD YEAR NORMAL DEPARTURE LAST
                VALUE   (LST)  VALUE       VALUE  FROM      YEAR
                                                  NORMAL
..................................................................
TEMPERATURE (F)
 TODAY
  MAXIMUM         70    228 PM  84    2009  62      8       58
  MINIMUM         32    605 AM  15    2008  34     -2       33
  AVERAGE         51                        48      3       46

PRECIPITATION (IN)
  TODAY            0.00          1.84 1955   0.09  -0.09     0.00
  MONTH TO DATE    2.15                      2.08   0.07     8.41
  SINCE OCT 1     18.10                     37.54 -19.44    57.87
  SINCE JAN 1     12.27                     22.33 -10.06    36.71

SNOWFALL (IN)
  TODAY           MM                         0.1   MM       MM
  MONTH TO DATE   MM                         4.6   MM       MM
  SINCE JUL 1     MM                        90.7   MM       MM
  SNOW DEPTH      MM

DEGREE DAYS
 HEATING
  TODAY           14                        17     -3       19
  MONTH TO DATE  383                       378      5      403
  SINCE MAR 1   1159                      1082     77     1032
  SINCE JUL 1   4757                      5057   -300     4929

 COOLING
  TODAY            0                         0      0        0
  MONTH TO DATE    0                         0      0        0
  SINCE MAR 1      0                         0      0        0
  SINCE JAN 1      0                         0      0        0
..................................................................


WIND (MPH)
  HIGHEST WIND SPEED    10   HIGHEST WIND DIRECTION    NW (300)
  HIGHEST GUST SPEED    17   HIGHEST GUST DIRECTION    NW (330)
  AVERAGE WIND SPEED     3.0


SKY COVER
  POSSIBLE SUNSHINE  MM
  AVERAGE SKY COVER 0.0


WEATHER CONDITIONS
 THE FOLLOWING WEATHER WAS RECORDED TODAY.
  NO SIGNIFICANT WEATHER WAS OBSERVED.


RELATIVE HUMIDITY (PERCENT)
 HIGHEST    85           500 AM
 LOWEST     24           100 PM

..........................................................


THE MT SHASTA CITY CA CLIMATE NORMALS FOR TOMORROW
                         NORMAL    RECORD    YEAR
 MAXIMUM TEMPERATURE (F)   62        87      2009
 MINIMUM TEMPERATURE (F)   34        21      1967


SUNRISE AND SUNSET
APRIL 20 2018.........SUNRISE   622 AM PDT   SUNSET   755 PM PDT
APRIL 21 2018.........SUNRISE   620 AM PDT   SUNSET   756 PM PDT


-  INDICATES NEGATIVE NUMBERS.
R  INDICATES RECORD WAS SET OR TIED.
MM INDICATES DATA IS MISSING.
T  INDICATES TRACE AMOUNT.




$$
