000
CDUS42 KMFL 200933
CLIMIA


CLIMATE REPORT
NATIONAL WEATHER SERVICE MIAMI, FL
523 AM EDT SUN MAY 20 2018


...................................

...THE MIAMI CLIMATE SUMMARY FOR MAY 19 2018...

CLIMATE NORMAL PERIOD 1981 TO 2010
CLIMATE RECORD PERIOD 1895 TO 2018


WEATHER ITEM   OBSERVED TIME   RECORD YEAR NORMAL DEPARTURE LAST
                VALUE   (LST)  VALUE       VALUE  FROM      YEAR
                                                  NORMAL
..................................................................
TEMPERATURE (F)
 YESTERDAY
  MAXIMUM         78    105 PM  94    1995  87     -9       89
  MINIMUM         71    744 PM  60    1951  73     -2       79
  AVERAGE         75                        80     -5       84

PRECIPITATION (IN)
  YESTERDAY        0.61          4.42 1968   0.18   0.43      T
  MONTH TO DATE    5.94                      2.61   3.33     2.03
  SINCE NOV 1     16.38                     17.93  -1.55    16.09
  SINCE JAN 1     11.31                     12.62  -1.31    12.82

SNOWFALL (IN)
  YESTERDAY        0.0
  MONTH TO DATE    0.0
  SINCE MAR 1      0.0
  SINCE JUL 1      0.0
  SNOW DEPTH       0

DEGREE DAYS
 HEATING
  YESTERDAY        0                         0      0        0
  MONTH TO DATE    0                         0      0        0
  SINCE MAR 1      7                        12     -5        3
  SINCE JUL 1     85                       128    -43       17

 COOLING
  YESTERDAY       10                        15     -5       19
  MONTH TO DATE  255                       268    -13      302
  SINCE MAR 1    818                       839    -21      969
  SINCE JAN 1   1299                      1161    138     1463
..................................................................


WIND (MPH)
  HIGHEST WIND SPEED    22   HIGHEST WIND DIRECTION    SE (120)
  HIGHEST GUST SPEED    31   HIGHEST GUST DIRECTION    SE (130)
  AVERAGE WIND SPEED     7.7


SKY COVER
  POSSIBLE SUNSHINE  MM
  AVERAGE SKY COVER 1.0


WEATHER CONDITIONS
 THE FOLLOWING WEATHER WAS RECORDED YESTERDAY.
  HEAVY RAIN
  LIGHT RAIN
  FOG


RELATIVE HUMIDITY (PERCENT)
 HIGHEST   100
 LOWEST     76
 AVERAGE    88

..........................................................


THE MIAMI CLIMATE NORMALS FOR TODAY
                         NORMAL    RECORD    YEAR
 MAXIMUM TEMPERATURE (F)   88        95      2008
 MINIMUM TEMPERATURE (F)   74        60      1937


SUNRISE AND SUNSET
MAY 20 2018...........SUNRISE   633 AM EDT   SUNSET   803 PM EDT
MAY 21 2018...........SUNRISE   633 AM EDT   SUNSET   803 PM EDT


-  INDICATES NEGATIVE NUMBERS.
R  INDICATES RECORD WAS SET OR TIED.
MM INDICATES DATA IS MISSING.
T  INDICATES TRACE AMOUNT.




$$
