000
CDUS43 KDVN 230736
CLIMLI


CLIMATE REPORT
NATIONAL WEATHER SERVICE QUAD CITIES IA IL
235 AM CDT MON APR 23 2018


...................................

...THE MOLINE IL CLIMATE SUMMARY FOR APRIL 22 2018...

CLIMATE NORMAL PERIOD 1981 TO 2010
CLIMATE RECORD PERIOD 1872 TO 2018


WEATHER ITEM   OBSERVED TIME   RECORD YEAR NORMAL DEPARTURE LAST
                VALUE   (LST)  VALUE       VALUE  FROM      YEAR
                                                  NORMAL
..................................................................
TEMPERATURE (F)
 YESTERDAY
  MAXIMUM         69    111 PM  92    1980  65      4       65
  MINIMUM         43    436 AM  28    1986  43      0       40
                                      1959
  AVERAGE         56                        54      2       53

PRECIPITATION (IN)
  YESTERDAY        0.00          1.26 1999   0.12  -0.12     0.00
  MONTH TO DATE    0.95                      2.55  -1.60     3.20
  SINCE MAR 1      4.23                      5.41  -1.18     6.69
  SINCE JAN 1      8.06                      8.50  -0.44     9.10

SNOWFALL (IN)
  YESTERDAY        0.0          MM      MM   0.0    0.0      0.0
  MONTH TO DATE    3.2                       0.9    2.3      0.0
  SINCE MAR 1     13.6                       4.9    8.7      5.9
  SINCE JUL 1     41.7                      31.6   10.1     22.4
  SNOW DEPTH       0

DEGREE DAYS
 HEATING
  YESTERDAY        9                        12     -3       12
  MONTH TO DATE  573                       340    233      212
  SINCE MAR 1   1420                      1144    276      958
  SINCE JUL 1   6047                      5942    105     4761

 COOLING
  YESTERDAY        0                         1     -1        0
  MONTH TO DATE    0                         6     -6       14
  SINCE MAR 1      0                         7     -7       14
  SINCE JAN 1      0                         7     -7       14
..................................................................


WIND (MPH)
  HIGHEST WIND SPEED    23   HIGHEST WIND DIRECTION     E (80)
  HIGHEST GUST SPEED    27   HIGHEST GUST DIRECTION     E (80)
  AVERAGE WIND SPEED    13.9


SKY COVER
  POSSIBLE SUNSHINE  MM
  AVERAGE SKY COVER 0.1


WEATHER CONDITIONS
 THE FOLLOWING WEATHER WAS RECORDED YESTERDAY.
  NO SIGNIFICANT WEATHER WAS OBSERVED.


RELATIVE HUMIDITY (PERCENT)
 HIGHEST    45           200 AM
 LOWEST     15          1200 PM
 AVERAGE    30

..........................................................


THE MOLINE IL CLIMATE NORMALS FOR TODAY
                         NORMAL    RECORD    YEAR
 MAXIMUM TEMPERATURE (F)   65        86      1960
 MINIMUM TEMPERATURE (F)   43        22      1910


SUNRISE AND SUNSET
APRIL 23 2018.........SUNRISE   610 AM CDT   SUNSET   751 PM CDT
APRIL 24 2018.........SUNRISE   609 AM CDT   SUNSET   752 PM CDT


-  INDICATES NEGATIVE NUMBERS.
R  INDICATES RECORD WAS SET OR TIED.
MM INDICATES DATA IS MISSING.
T  INDICATES TRACE AMOUNT.




$$
