914
CDUS41 KCAR 210546
CLIMLT


CLIMATE REPORT
NATIONAL WEATHER SERVICE CARIBOU, ME
146 AM EDT SAT APR 21 2018


...................................

...THE MILLINOCKET ME CLIMATE SUMMARY FOR APRIL 20 2018...

CLIMATE NORMAL PERIOD 1981 TO 2010
CLIMATE RECORD PERIOD 1903 TO 2018


WEATHER ITEM   OBSERVED TIME   RECORD YEAR NORMAL DEPARTURE LAST
                VALUE   (LST)  VALUE       VALUE  FROM      YEAR
                                                  NORMAL
..................................................................
TEMPERATURE (F)
 YESTERDAY
  MAXIMUM         47    117 PM  85    1927  54     -7       43
  MINIMUM         34    511 AM  18    1974  33      1       32
                                      1925
  AVERAGE         41                        43     -2       38

PRECIPITATION (IN)
  YESTERDAY        0.10          1.03 1914   0.11  -0.01     0.01
  MONTH TO DATE    2.24                      2.47  -0.23     2.38
  SINCE MAR 1      3.96                      5.53  -1.57     3.96
  SINCE JAN 1      9.83                     10.64  -0.81     9.15

SNOWFALL (IN)
  YESTERDAY       MM            MM      MM  MM     MM       MM
  MONTH TO DATE   MM                        MM     MM       MM
  SINCE MAR 1     MM                        MM     MM       MM
  SINCE JUL 1     MM                        MM     MM       MM
  SNOW DEPTH      MM

DEGREE DAYS
 HEATING
  YESTERDAY       24                        22      2       27
  MONTH TO DATE  634                       530    104      483
  SINCE MAR 1   1704                      1677     27     1784
  SINCE JUL 1   7448                      7729   -281     7279

 COOLING
  YESTERDAY        0                         0      0        0
  MONTH TO DATE    0                         0      0        0
  SINCE MAR 1      0                         0      0        0
  SINCE JAN 1      0                         0      0        0
..................................................................


WIND (MPH)
  HIGHEST WIND SPEED    17   HIGHEST WIND DIRECTION     N (360)
  HIGHEST GUST SPEED    22   HIGHEST GUST DIRECTION     N (360)
  AVERAGE WIND SPEED     6.1


SKY COVER
  POSSIBLE SUNSHINE  MM
  AVERAGE SKY COVER 1.0


WEATHER CONDITIONS
 THE FOLLOWING WEATHER WAS RECORDED YESTERDAY.
  HEAVY RAIN
  LIGHT RAIN
  FOG
  HAZE


RELATIVE HUMIDITY (PERCENT)
 HIGHEST    92           800 AM
 LOWEST     53           100 PM
 AVERAGE    73

..........................................................


THE MILLINOCKET ME CLIMATE NORMALS FOR TODAY
                         NORMAL    RECORD    YEAR
 MAXIMUM TEMPERATURE (F)   54        78      1931
 MINIMUM TEMPERATURE (F)   34        15      1908


SUNRISE AND SUNSET
APRIL 21 2018.........SUNRISE   539 AM EDT   SUNSET   729 PM EDT
APRIL 22 2018.........SUNRISE   537 AM EDT   SUNSET   730 PM EDT


-  INDICATES NEGATIVE NUMBERS.
R  INDICATES RECORD WAS SET OR TIED.
MM INDICATES DATA IS MISSING.
T  INDICATES TRACE AMOUNT.




$$
