000
CDUS44 KSHV 262150
CLIMLU


CLIMATE REPORT
NATIONAL WEATHER SERVICE SHREVEPORT, LA
450 PM CDT SAT MAY 26 2018


...................................

...THE MONROE CLIMATE SUMMARY FOR MAY 26 2018...
VALID TODAY AS OF 0400 PM LOCAL TIME.

CLIMATE NORMAL PERIOD 1981 TO 2010
CLIMATE RECORD PERIOD 1893 TO 2018


WEATHER ITEM   OBSERVED TIME   RECORD YEAR NORMAL DEPARTURE LAST
                VALUE   (LST)  VALUE       VALUE  FROM      YEAR
                                                  NORMAL
..................................................................
TEMPERATURE (F)
 TODAY
  MAXIMUM         89    213 PM  97    1963  88      1       87
  MINIMUM         70    123 AM  53    1979  66      4       64
  AVERAGE         80                        77      3       76

PRECIPITATION (IN)
  TODAY            0.00          2.52 1932   0.16  -0.16     0.00
  MONTH TO DATE    3.25                      4.37  -1.12     3.64
  SINCE DEC 1     29.71                     28.52   1.19    28.94
  SINCE JAN 1     26.19                     23.23   2.96    24.11

DEGREE DAYS
 HEATING
  TODAY            0                         0      0        0
  MONTH TO DATE    0                         3     -3       12
  SINCE MAR 1    306                       333    -27      204
  SINCE JUL 1   2087                      2227   -140     1400

 COOLING
  TODAY           15                        12      3       11
  MONTH TO DATE  340                       227    113      155
  SINCE MAR 1    440                       363     77      393
  SINCE JAN 1    477                       374    103      452
..................................................................


WIND (MPH)
  HIGHEST WIND SPEED    13   HIGHEST WIND DIRECTION     S (170)
  HIGHEST GUST SPEED    18   HIGHEST GUST DIRECTION     S (160)
  AVERAGE WIND SPEED     2.8


SKY COVER
  POSSIBLE SUNSHINE  MM
  AVERAGE SKY COVER 0.4


WEATHER CONDITIONS
 THE FOLLOWING WEATHER WAS RECORDED TODAY.
  THUNDERSTORM
  FOG
  HAZE


RELATIVE HUMIDITY (PERCENT)
 HIGHEST   100           600 AM
 LOWEST     59           200 PM
 AVERAGE    80

..........................................................


THE MONROE CLIMATE NORMALS FOR TOMORROW
                         NORMAL    RECORD    YEAR
 MAXIMUM TEMPERATURE (F)   88        98      1906
 MINIMUM TEMPERATURE (F)   66        50      1961


SUNRISE AND SUNSET
MAY 26 2018...........SUNRISE   604 AM CDT   SUNSET   807 PM CDT
MAY 27 2018...........SUNRISE   603 AM CDT   SUNSET   808 PM CDT


-  INDICATES NEGATIVE NUMBERS.
R  INDICATES RECORD WAS SET OR TIED.
MM INDICATES DATA IS MISSING.
T  INDICATES TRACE AMOUNT.




$$
