178
CDUS46 KPQR 201149
CLIMMV


CLIMATE REPORT
NATIONAL WEATHER SERVICE PORTLAND OREGON
449 AM PDT FRI APR 20 2018


...................................

...THE MCMINNVILLE OR CLIMATE SUMMARY FOR APRIL 19 2018...

CLIMATE NORMAL PERIOD 1981 TO 2010
CLIMATE RECORD PERIOD 1894 TO 2018


WEATHER ITEM   OBSERVED TIME   RECORD YEAR NORMAL DEPARTURE LAST
                VALUE   (LST)  VALUE       VALUE  FROM      YEAR
                                                  NORMAL
..................................................................
TEMPERATURE (F)
 YESTERDAY
  MAXIMUM         66    300 PM  83    2016  61      5       54
  MINIMUM         35    552 AM  27    1977  39     -4       42
  AVERAGE         51                        50      1       48

PRECIPITATION (IN)
  YESTERDAY        0.00          0.98 1965   0.09  -0.09     0.47
  MONTH TO DATE    4.63                      2.02   2.61     2.71
  SINCE OCT 1     31.22                     32.62  -1.40    48.82
  SINCE JAN 1     15.68                     16.59  -0.91    25.01

DEGREE DAYS
 HEATING
  YESTERDAY       14                        15     -1       17
  MONTH TO DATE  313                       299     14      295
  SINCE JUL 1   3890                      4250   -360     4128

 COOLING
  YESTERDAY        0                         0      0        0
  MONTH TO DATE    0                         0      0        0
  SINCE JAN 1      0                         0      0        0
..................................................................


WIND (MPH)
  HIGHEST WIND SPEED    10   HIGHEST WIND DIRECTION    SW (230)
  HIGHEST GUST SPEED    13   HIGHEST GUST DIRECTION    SW (240)
  AVERAGE WIND SPEED     3.8


SKY COVER
  POSSIBLE SUNSHINE  MM
  AVERAGE SKY COVER 0.0


WEATHER CONDITIONS
 THE FOLLOWING WEATHER WAS RECORDED YESTERDAY.
  NO SIGNIFICANT WEATHER WAS OBSERVED.


RELATIVE HUMIDITY (PERCENT)
 HIGHEST   100           200 AM
 LOWEST     36           100 PM
 AVERAGE    68

..........................................................


THE MCMINNVILLE OR CLIMATE NORMALS FOR TODAY
                         NORMAL    RECORD    YEAR
 MAXIMUM TEMPERATURE (F)   62        90      1906
 MINIMUM TEMPERATURE (F)   40        27      1952


SUNRISE AND SUNSET
APRIL 20 2018.........SUNRISE   519 AM PST   SUNSET   705 PM PST
APRIL 21 2018.........SUNRISE   517 AM PST   SUNSET   706 PM PST


-  INDICATES NEGATIVE NUMBERS.
R  INDICATES RECORD WAS SET OR TIED.
MM INDICATES DATA IS MISSING.
T  INDICATES TRACE AMOUNT.




$$
