000
CDUS44 KMOB 212258
CLIMOB


CLIMATE REPORT
NATIONAL WEATHER SERVICE MOBILE AL
551 PM CDT SAT APR 21 2018


...................................

...THE MOBILE CLIMATE SUMMARY FOR APRIL 21 2018...
VALID TODAY AS OF 0500 PM LOCAL TIME.

CLIMATE NORMAL PERIOD 1981 TO 2010
CLIMATE RECORD PERIOD 1842 TO 2018


WEATHER ITEM   OBSERVED TIME   RECORD YEAR NORMAL DEPARTURE LAST
                VALUE   (LST)  VALUE       VALUE  FROM      YEAR
                                                  NORMAL
..................................................................
TEMPERATURE (F)
 TODAY
  MAXIMUM         79    159 PM  94    1987  79      0       84
  MINIMUM         53    539 AM  43    1953  57     -4       60
  AVERAGE         66                        68     -2       72

PRECIPITATION (IN)
  TODAY            0.00          4.00 1949   0.15  -0.15     0.00
  MONTH TO DATE    2.60                      3.44  -0.84     2.94
  SINCE MAR 1      6.31                      9.58  -3.27     6.08
  SINCE JAN 1     15.89                     20.35  -4.46    18.29

DEGREE DAYS
 HEATING
  TODAY            0                         1     -1        0
  MONTH TO DATE   71                        53     18       22
  SINCE MAR 1    229                       242    -13      141
  SINCE JUL 1   1486                      1684   -198      912

 COOLING
  TODAY            1                         4     -3        7
  MONTH TO DATE   41                        60    -19      103
  SINCE MAR 1     96                        99     -3      198
  SINCE JAN 1    203                       115     88      273
..................................................................


WIND (MPH)
  HIGHEST WIND SPEED    16   HIGHEST WIND DIRECTION    SE (130)
  HIGHEST GUST SPEED    19   HIGHEST GUST DIRECTION    SE (130)
  AVERAGE WIND SPEED     8.9


SKY COVER
  POSSIBLE SUNSHINE  MM
  AVERAGE SKY COVER 0.3


WEATHER CONDITIONS
 THE FOLLOWING WEATHER WAS RECORDED TODAY.
  NO SIGNIFICANT WEATHER WAS OBSERVED.


RELATIVE HUMIDITY (PERCENT)
 HIGHEST    77          1200 AM
 LOWEST     48           200 PM
 AVERAGE    63

..........................................................


THE MOBILE CLIMATE NORMALS FOR TOMORROW
                         NORMAL    RECORD    YEAR
 MAXIMUM TEMPERATURE (F)   79        92      1987
 MINIMUM TEMPERATURE (F)   57        42      1993


SUNRISE AND SUNSET
APRIL 21 2018.........SUNRISE   619 AM CDT   SUNSET   725 PM CDT
APRIL 22 2018.........SUNRISE   618 AM CDT   SUNSET   725 PM CDT


-  INDICATES NEGATIVE NUMBERS.
R  INDICATES RECORD WAS SET OR TIED.
MM INDICATES DATA IS MISSING.
T  INDICATES TRACE AMOUNT.




$$
