000
CDUS46 KSTO 240846
CLIMOD


CLIMATE REPORT
NATIONAL WEATHER SERVICE SACRAMENTO, CA
144 AM PDT TUE APR 24 2018


...................................

...THE MODESTO CA CLIMATE SUMMARY FOR APRIL 23 2018...

CLIMATE NORMAL PERIOD 1981 TO 2010
CLIMATE RECORD PERIOD 1931 TO 2018


WEATHER ITEM   OBSERVED TIME   RECORD YEAR NORMAL DEPARTURE LAST
                VALUE   (LST)  VALUE       VALUE  FROM      YEAR
                                                  NORMAL
..................................................................
TEMPERATURE (F)
 YESTERDAY
  MAXIMUM         87    344 PM  95    1946  77     10       75
  MINIMUM         55    510 AM  37    1932  51      4       54
  AVERAGE         71

PRECIPITATION (IN)
  YESTERDAY        0.00          0.70 1988   0.02  -0.02     0.00
  MONTH TO DATE    2.22                      0.78   1.44     1.48
  SINCE OCT 1      8.00                     11.89  -3.89    16.78
  SINCE JAN 1      6.97                      7.81  -0.84    11.75

SNOWFALL (IN)
  YESTERDAY        0.0          MM      MM
  MONTH TO DATE    0.0
  SINCE MAR 1      0.0
  SINCE JUL 1      0.0
  SNOW DEPTH       0

DEGREE DAYS
 HEATING
  YESTERDAY        0                         3     -3        0
  MONTH TO DATE   89                       111    -22       82
  SINCE MAR 1    393                       348     45      262
  SINCE JUL 1   1971                      2116   -145     1778

 COOLING
  YESTERDAY        6                         2      4        0
  MONTH TO DATE   15                        23     -8        4
  SINCE MAR 1     18                        28    -10       10
  SINCE JAN 1     18                        28    -10       10
..................................................................


WIND (MPH)
  RESULTANT WIND SPEED   4   RESULTANT WIND DIRECTION  NW (330)
  HIGHEST WIND SPEED    12   HIGHEST WIND DIRECTION    NW (320)
  HIGHEST GUST SPEED    21   HIGHEST GUST DIRECTION    NW (320)


SKY COVER
  POSSIBLE SUNSHINE  MM
  AVERAGE SKY COVER 0.0


WEATHER CONDITIONS
 THE FOLLOWING WEATHER WAS RECORDED YESTERDAY.
  NO SIGNIFICANT WEATHER WAS OBSERVED.


RELATIVE HUMIDITY (PERCENT)
 HIGHEST    86           400 AM
 LOWEST     30           200 PM
 AVERAGE    58

..........................................................


THE MODESTO CA CLIMATE NORMALS FOR TODAY
                         NORMAL    RECORD    YEAR
 MAXIMUM TEMPERATURE (F)   77        90      1966
 MINIMUM TEMPERATURE (F)   51        36      1964


SUNRISE AND SUNSET
APRIL 24 2018.........SUNRISE   617 AM PDT   SUNSET   748 PM PDT
APRIL 25 2018.........SUNRISE   615 AM PDT   SUNSET   749 PM PDT


-  INDICATES NEGATIVE NUMBERS.
R  INDICATES RECORD WAS SET OR TIED.
MM INDICATES DATA IS MISSING.
T  INDICATES TRACE AMOUNT.




$$
