000
CDUS41 KLWX 230530
CLIMRB


CLIMATE REPORT
NATIONAL WEATHER SERVICE BALTIMORE MD/WASHINGTON DC
129 AM EDT MON APR 23 2018


...................................

...THE MARTINSBURG WV CLIMATE SUMMARY FOR APRIL 22 2018...

CLIMATE NORMAL PERIOD 1981 TO 2010
CLIMATE RECORD PERIOD 1926 TO 2018


WEATHER ITEM   OBSERVED TIME   NORMAL DEPARTURE LAST
                VALUE   (LST)  VALUE  FROM      YEAR
                                      NORMAL
......................................................
TEMPERATURE (F)
 YESTERDAY
  MAXIMUM         67    335 PM  66      1       66
  MINIMUM         44    346 AM  43      1       42
  AVERAGE         56            54      2       54

PRECIPITATION (IN)
  YESTERDAY        0.00          0.11  -0.11     0.26
  MONTH TO DATE    2.84          2.43   0.41     1.87
  SINCE MAR 1      4.53          5.95  -1.42     4.65
  SINCE JAN 1     10.72         10.73  -0.01     9.03

DEGREE DAYS
 HEATING
  YESTERDAY        9            11     -2       11
  MONTH TO DATE  376           308     68      166
  SINCE MAR 1   1200          1022    178      848
  SINCE JUL 1   4765          4978   -213     3926

 COOLING
  YESTERDAY        0             0      0        0
  MONTH TO DATE   16             0     16       25
  SINCE MAR 1     16             1     15       28
  SINCE JAN 1     21             1     20       28
......................................................


WIND (MPH)
  HIGHEST WIND SPEED    13   HIGHEST WIND DIRECTION     E (100)
  HIGHEST GUST SPEED    18   HIGHEST GUST DIRECTION     E (110)
  AVERAGE WIND SPEED     4.1


SKY COVER
  POSSIBLE SUNSHINE  MM
  AVERAGE SKY COVER 0.3


WEATHER CONDITIONS
 THE FOLLOWING WEATHER WAS RECORDED YESTERDAY.
  NO SIGNIFICANT WEATHER WAS OBSERVED.


RELATIVE HUMIDITY (PERCENT)
 HIGHEST    76           400 AM
 LOWEST     34           100 PM
 AVERAGE    55

..........................................................


THE MARTINSBURG WV CLIMATE NORMALS FOR TODAY
                         NORMAL
 MAXIMUM TEMPERATURE (F)   67
 MINIMUM TEMPERATURE (F)   43


SUNRISE AND SUNSET
APRIL 23 2018.........SUNRISE   623 AM EDT   SUNSET   758 PM EDT
APRIL 24 2018.........SUNRISE   622 AM EDT   SUNSET   759 PM EDT


-  INDICATES NEGATIVE NUMBERS.
R  INDICATES RECORD WAS SET OR TIED.
MM INDICATES DATA IS MISSING.
T  INDICATES TRACE AMOUNT.




$$
