000
CDUS41 KBTV 280605
CLIMSS


CLIMATE REPORT
NATIONAL WEATHER SERVICE BURLINGTON VT
151 AM EDT MON MAY 28 2018


...................................

...THE MASSENA NY CLIMATE SUMMARY FOR MAY 27 2018...

CLIMATE NORMAL PERIOD 1981 TO 2010
CLIMATE RECORD PERIOD 1948 TO 2018


WEATHER ITEM   OBSERVED TIME   RECORD YEAR NORMAL DEPARTURE LAST
                VALUE   (LST)  VALUE       VALUE  FROM      YEAR
                                                  NORMAL
..................................................................
TEMPERATURE (F)
 YESTERDAY
  MAXIMUM         78    337 PM  89    2016  70      8       73
                                      1978
  MINIMUM         57    612 AM  30    1954  47     10       48
  AVERAGE         68                        58     10       61

PRECIPITATION (IN)
  YESTERDAY        T             1.91        0.10  -0.10     0.00
  MONTH TO DATE    1.69                      2.66  -0.97     4.43
  SINCE MAR 1      5.83                      7.57  -1.74    10.21
  SINCE JAN 1      9.06                     11.52  -2.46    13.64

DEGREE DAYS
 HEATING
  YESTERDAY        0                         7     -7        4
  MONTH TO DATE  196                       292    -96      309
  SINCE MAR 1   2086                      2087     -1     2080
  SINCE JUL 1   7284                      8074   -790     7006

 COOLING
  YESTERDAY        3                         1      2        0
  MONTH TO DATE   13                         8      5       14
  SINCE MAR 1     13                         9      4       16
  SINCE JAN 1     13                         9      4       16
..................................................................


WIND (MPH)
  HIGHEST WIND SPEED    18   HIGHEST WIND DIRECTION    SW (210)
  HIGHEST GUST SPEED    22   HIGHEST GUST DIRECTION    SW (210)
  AVERAGE WIND SPEED     9.1


SKY COVER
  AVERAGE SKY COVER 0.3


WEATHER CONDITIONS
 THE FOLLOWING WEATHER WAS RECORDED YESTERDAY.
  LIGHT RAIN


RELATIVE HUMIDITY (PERCENT)
 HIGHEST    84          1000 PM
 LOWEST     60           300 AM
 AVERAGE    72

..........................................................


THE MASSENA NY CLIMATE NORMALS FOR TODAY
                         NORMAL    RECORD    YEAR
 MAXIMUM TEMPERATURE (F)   70        90      2016
 MINIMUM TEMPERATURE (F)   48        33      1970


SUNRISE AND SUNSET
MAY 28 2018...........SUNRISE   519 AM EDT   SUNSET   835 PM EDT
MAY 29 2018...........SUNRISE   518 AM EDT   SUNSET   836 PM EDT


-  INDICATES NEGATIVE NUMBERS.
R  INDICATES RECORD WAS SET OR TIED.
MM INDICATES DATA IS MISSING.
T  INDICATES TRACE AMOUNT.




$$
