000
CDUS43 KILX 240633
CLIMTO


CLIMATE REPORT
NATIONAL WEATHER SERVICE LINCOLN IL
132 AM CDT TUE APR 24 2018


...................................

...THE MATTOON IL AIRPORT CLIMATE SUMMARY FOR APRIL 23 2018...

CLIMATE NORMAL PERIOD 1981 TO 2010
CLIMATE RECORD PERIOD 9999 TO 9999


WEATHER ITEM   OBSERVED TIME   RECORD YEAR NORMAL DEPARTURE LAST
                VALUE   (LST)  VALUE       VALUE  FROM      YEAR
                                                  NORMAL
..................................................................
TEMPERATURE (F)
 YESTERDAY
  MAXIMUM         57    416 PM  MM      MM  66     -9       71
  MINIMUM         46    702 AM  MM      MM  46      0       34
  AVERAGE         52                        56     -4       53

PRECIPITATION (IN)
  YESTERDAY        0.03         MM      MM   0.14  -0.11     0.00
  MONTH TO DATE    5.33                      2.38   2.95     1.50
  SINCE MAR 1      8.53                      4.95   3.58     2.91
  SINCE JAN 1     11.95                      8.93   3.02     4.74

DEGREE DAYS
 HEATING
  YESTERDAY       13                         9      4       12
  MONTH TO DATE  475                       304    171      196
  SINCE MAR 1   1269                      1003    266      844
  SINCE JUL 1   5362                      5207    155     4225

 COOLING
  YESTERDAY        0                         1     -1        0
  MONTH TO DATE    0                         4     -4       17
  SINCE MAR 1      0                         5     -5       17
  SINCE JAN 1      0                         5     -5       17
..................................................................


WIND (MPH)
  HIGHEST WIND SPEED    20   HIGHEST WIND DIRECTION    NE (60)
  HIGHEST GUST SPEED    25   HIGHEST GUST DIRECTION    NE (50)
  AVERAGE WIND SPEED    10.6


SKY COVER
  POSSIBLE SUNSHINE  MM
  AVERAGE SKY COVER 0.9


WEATHER CONDITIONS
 THE FOLLOWING WEATHER WAS RECORDED YESTERDAY.
  RAIN
  LIGHT RAIN
  FOG


RELATIVE HUMIDITY (PERCENT)
 HIGHEST   100          1100 AM
 LOWEST     46           200 AM
 AVERAGE    73

..........................................................


THE MATTOON IL AIRPORT CLIMATE NORMALS FOR TODAY
                         NORMAL    RECORD    YEAR
 MAXIMUM TEMPERATURE (F)   67        MM        MM
 MINIMUM TEMPERATURE (F)   47        MM        MM


SUNRISE AND SUNSET
APRIL 24 2018.........SUNRISE   603 AM CDT   SUNSET   740 PM CDT
APRIL 25 2018.........SUNRISE   602 AM CDT   SUNSET   741 PM CDT


-  INDICATES NEGATIVE NUMBERS.
R  INDICATES RECORD WAS SET OR TIED.
MM INDICATES DATA IS MISSING.
T  INDICATES TRACE AMOUNT.




$$
