000
CDUS44 KLIX 210701
CLINEW


CLIMATE REPORT
NATIONAL WEATHER SERVICE NEW ORLEANS
NATIONAL WEATHER SERVICE NEW ORL
201 AM CDT SAT APR 21 2018


...................................

...THE NEW ORLEANS CLIMATE SUMMARY FOR APRIL 20 2018...

CLIMATE NORMAL PERIOD 1981 TO 2010
CLIMATE RECORD PERIOD 1946 TO 2018


WEATHER ITEM   OBSERVED TIME   RECORD YEAR NORMAL DEPARTURE LAST
                VALUE   (LST)  VALUE       VALUE  FROM      YEAR
                                                  NORMAL
..................................................................
TEMPERATURE (F)
 YESTERDAY
  MAXIMUM         69    208 PM  90    1987  79    -10       82
  MINIMUM         54   1157 PM  46    1953  61     -7       67
  AVERAGE         62                        70     -8       75

PRECIPITATION (IN)
  YESTERDAY        0.00          3.88 1977   0.16  -0.16     0.00
  MONTH TO DATE    5.45                      3.04   2.41     2.50
  SINCE MAR 1      8.45                      7.59   0.86     5.38
  SINCE JAN 1     16.09                     18.04  -1.95    13.02

SNOWFALL (IN)
  YESTERDAY        0.0
  MONTH TO DATE    0.0
  SINCE MAR 1      0.0
  SINCE JUL 1      T
  SNOW DEPTH       0

DEGREE DAYS
 HEATING
  YESTERDAY        3                         1      2        0
  MONTH TO DATE   32                        30      2        7
  SINCE MAR 1    120                       166    -46       66
  SINCE JUL 1   1119                      1275   -156      627

 COOLING
  YESTERDAY        0                         6     -6       10
  MONTH TO DATE   53                        88    -35      128
  SINCE MAR 1    161                       151     10      267
  SINCE JAN 1    310                       188    122      387
..................................................................


WIND (MPH)
  HIGHEST WIND SPEED    18   HIGHEST WIND DIRECTION    NE (60)
  HIGHEST GUST SPEED    25   HIGHEST GUST DIRECTION    NE (60)
  AVERAGE WIND SPEED     8.1


SKY COVER
  POSSIBLE SUNSHINE  MM
  AVERAGE SKY COVER 0.6


WEATHER CONDITIONS
 THE FOLLOWING WEATHER WAS RECORDED YESTERDAY.
  NO SIGNIFICANT WEATHER WAS OBSERVED.


RELATIVE HUMIDITY (PERCENT)
 HIGHEST    86          1100 PM
 LOWEST     39           300 PM
 AVERAGE    63

..........................................................


THE NEW ORLEANS CLIMATE NORMALS FOR TODAY
                         NORMAL    RECORD    YEAR
 MAXIMUM TEMPERATURE (F)   79        92      1987
 MINIMUM TEMPERATURE (F)   61        46      1953
                                             1950


SUNRISE AND SUNSET
APRIL 21 2018.........SUNRISE   628 AM CDT   SUNSET   732 PM CDT
APRIL 22 2018.........SUNRISE   627 AM CDT   SUNSET   733 PM CDT


-  INDICATES NEGATIVE NUMBERS.
R  INDICATES RECORD WAS SET OR TIED.
MM INDICATES DATA IS MISSING.
T  INDICATES TRACE AMOUNT.




$$
