000
CDUS43 KOAX 250638
CLIOAX


CLIMATE REPORT
NATIONAL WEATHER SERVICE OMAHA NEBRASKA
136 AM CDT WED APR 25 2018


...................................

...THE VALLEY  NWS, NEBRASKA CLIMATE SUMMARY FOR APRIL 24 2018...

CLIMATE NORMAL PERIOD 1981 TO 2010
CLIMATE RECORD PERIOD 1997 TO 2018


WEATHER ITEM   OBSERVED TIME   NORMAL DEPARTURE LAST
                VALUE   (LST)  VALUE  FROM      YEAR
                                      NORMAL
......................................................
TEMPERATURE (F)
 YESTERDAY
  MAXIMUM         71   1150 AM  65      6       74
  MINIMUM         42    539 AM  43     -1       52
  AVERAGE         57            54      3       63

PRECIPITATION (IN)
  YESTERDAY        0.04          0.12  -0.08     0.00
  MONTH TO DATE    0.45          2.29  -1.84     1.95
  SINCE MAR 1      3.42          4.29  -0.87     4.48
  SINCE JAN 1      5.60          6.00  -0.40     6.19

SNOWFALL (IN)
  YESTERDAY        0.0                           0.0
  MONTH TO DATE    1.5                           0.0
  SINCE JUL 1     24.1                          11.8
  SNOW DEPTH       0

DEGREE DAYS
 HEATING
  YESTERDAY        8            12     -4        2
  MONTH TO DATE  574           378    196      228
  SINCE MAR 1   1341          1206    135      908
  SINCE JUL 1   6018          6037    -19     4785

 COOLING
  YESTERDAY        0             0      0        0
  MONTH TO DATE    0             0      0        3
  SINCE MAR 1      0             0      0        3
  SINCE JAN 1      0             0      0        3
......................................................


WIND (MPH)
  HIGHEST WIND SPEED    MM   HIGHEST WIND DIRECTION    MM
  HIGHEST GUST SPEED    28   HIGHEST GUST DIRECTION    MM


SKY COVER
  POSSIBLE SUNSHINE  MM


WEATHER CONDITIONS
 THE FOLLOWING WEATHER WAS RECORDED YESTERDAY.
  LIGHT RAIN


..........................................................


THE VALLEY  NWS, NEBRASKA CLIMATE NORMALS FOR TODAY
                         NORMAL
 MAXIMUM TEMPERATURE (F)   65
 MINIMUM TEMPERATURE (F)   44


SUNRISE AND SUNSET
APRIL 25 2018.........SUNRISE   631 AM CDT   SUNSET   817 PM CDT
APRIL 26 2018.........SUNRISE   630 AM CDT   SUNSET   818 PM CDT


-  INDICATES NEGATIVE NUMBERS.
R  INDICATES RECORD WAS SET OR TIED.
MM INDICATES DATA IS MISSING.
T  INDICATES TRACE AMOUNT.




$$
