000
CDUS42 KCAE 190558
CLIOGB


CLIMATE REPORT
NATIONAL WEATHER SERVICE COLUMBIA SC
158 AM EDT THU APR 19 2018


...................................

...THE ORANGEBURG AIRPORT SC CLIMATE SUMMARY FOR APRIL 18 2018...

CLIMATE NORMAL PERIOD 1981 TO 2010
CLIMATE RECORD PERIOD 9999 TO 9999


WEATHER ITEM   OBSERVED TIME   NORMAL DEPARTURE LAST
                VALUE   (LST)  VALUE  FROM      YEAR
                                      NORMAL
......................................................
TEMPERATURE (F)
 YESTERDAY
  MAXIMUM         85    414 PM  77      8       81
  MINIMUM         50    627 AM  51     -1       59
  AVERAGE         68            64      4       70

PRECIPITATION (IN)
  YESTERDAY        0.00          0.10  -0.10      T
  MONTH TO DATE    2.16          1.86   0.30     1.82
  SINCE MAR 1      4.07          5.84  -1.77     3.58
  SINCE JAN 1      6.92         13.41  -6.49    10.23

DEGREE DAYS
 HEATING
  YESTERDAY        0             3     -3        0
  MONTH TO DATE  110            82     28       36
  SINCE MAR 1    451           359     92      308
  SINCE JUL 1   2156          2291   -135     1617

 COOLING
  YESTERDAY        3             2      1        5
  MONTH TO DATE   19            31    -12       49
  SINCE MAR 1     30            48    -18       95
  SINCE JAN 1     87            51     36      121
......................................................


WIND (MPH)
  HIGHEST WIND SPEED    26   HIGHEST WIND DIRECTION    SW (240)
  HIGHEST GUST SPEED    33   HIGHEST GUST DIRECTION    SW (230)
  AVERAGE WIND SPEED    11.2


SKY COVER
  AVERAGE SKY COVER 0.0


WEATHER CONDITIONS
 THE FOLLOWING WEATHER WAS RECORDED YESTERDAY.
  NO SIGNIFICANT WEATHER WAS OBSERVED.


RELATIVE HUMIDITY (PERCENT)
 HIGHEST    86           600 AM
 LOWEST     22           200 PM

..........................................................


THE ORANGEBURG AIRPORT SC CLIMATE NORMALS FOR TODAY
                         NORMAL    RECORD    YEAR
 MAXIMUM TEMPERATURE (F)   77        MM        MM
 MINIMUM TEMPERATURE (F)   51        MM        MM


SUNRISE AND SUNSET
APRIL 19 2018.........SUNRISE   648 AM EDT   SUNSET   757 PM EDT
APRIL 20 2018.........SUNRISE   647 AM EDT   SUNSET   758 PM EDT


-  INDICATES NEGATIVE NUMBERS.
R  INDICATES RECORD WAS SET OR TIED.
MM INDICATES DATA IS MISSING.
T  INDICATES TRACE AMOUNT.




$$
